{"id":31695,"date":"2026-07-07T23:12:30","date_gmt":"2026-07-07T23:12:30","guid":{"rendered":"https:\/\/www.tracea.ch\/boutique\/non%20class\u00e9\/valero-poncho\/"},"modified":"2026-07-07T23:14:04","modified_gmt":"2026-07-07T23:14:04","slug":"valero-poncho","status":"publish","type":"product","link":"https:\/\/www.tracea.ch\/it\/boutique\/valero-poncho\/","title":{"rendered":"Valero Poncho"},"content":{"rendered":"<p>Bon pour les surprises. Lorsque la pluie nous surprend sur le v\u00e9lo, ce poncho de pluie \u00e0 manches longues s&rsquo;enfile en un clin d&rsquo;\u0153il. Pratique : le poncho peut \u00eatre enti\u00e8rement rang\u00e9 dans la poche avant. Le tissu ext\u00e9rieur du poncho de pluie Unisexee pour le v\u00e9lo est trait\u00e9 avec Eco Finish pour r\u00e9sister \u00e0 l&rsquo;eau et aux salissures. VAUDE renonce ainsi aux fluorocarbones, des produits chimiques PFAS ou PFC, soup\u00e7onn\u00e9s d&rsquo;\u00eatre nocifs pour la sant\u00e9. Le label VAUDE Green Shape est synonyme de produit \u00e9cologique et fonctionnel fabriqu\u00e9 \u00e0 partir de mat\u00e9riaux durables.<\/p>\n<p><em>2 poches lat\u00e9rales \u00e0 l&rsquo;italienne , 1 poche \u00e0 l\u2019avant pour ranger, poignets r\u00e9glables, ceinture ventrale \u00e9lastique \u00e0 l&rsquo;int\u00e9rieur, capuche mont\u00e9e et r\u00e9glable en largeur, \u00e9l\u00e9ments r\u00e9fl\u00e9chissants sur le devant et dans le dos, sangles pour les mains<\/em><\/p>","protected":false},"excerpt":{"rendered":"<p>Poncho de pluie Unisexee pour le v\u00e9lo #imperm\u00e9able et coupe-vent #avec manches #le mat\u00e9riau principal est fabriqu\u00e9 en polyamide recycl\u00e9<\/p>","protected":false},"featured_media":14082,"comment_status":"closed","ping_status":"open","template":"","meta":[],"product_brand":[375],"product_cat":[213,663,216],"product_tag":[365,368,422,421],"class_list":["post-31695","product","type-product","status-publish","has-post-thumbnail","product_brand-vaude","product_cat-boutique","product_cat-poncho","product_cat-vetements","product_tag-boutique","product_tag-vente","product_tag-vente-vetement","product_tag-vetement","pa_couleur-dark-sea","pa_couleur-dark-sea-black","pa_couleur-lemon","pa_couleur-neon-yellow-black","pa_couleur-red","pa_couleur-red-black","pa_taille-l","pa_taille-m","pa_taille-s","pa_taille-xl","pa_taille-xxl","first","instock","purchasable","product-type-variable"],"_links":{"self":[{"href":"https:\/\/www.tracea.ch\/it\/wp-json\/wp\/v2\/product\/31695","targetHints":{"allow":["GET"]}}],"collection":[{"href":"https:\/\/www.tracea.ch\/it\/wp-json\/wp\/v2\/product"}],"about":[{"href":"https:\/\/www.tracea.ch\/it\/wp-json\/wp\/v2\/types\/product"}],"replies":[{"embeddable":true,"href":"https:\/\/www.tracea.ch\/it\/wp-json\/wp\/v2\/comments?post=31695"}],"version-history":[{"count":1,"href":"https:\/\/www.tracea.ch\/it\/wp-json\/wp\/v2\/product\/31695\/revisions"}],"predecessor-version":[{"id":31696,"href":"https:\/\/www.tracea.ch\/it\/wp-json\/wp\/v2\/product\/31695\/revisions\/31696"}],"wp:featuredmedia":[{"embeddable":true,"href":"https:\/\/www.tracea.ch\/it\/wp-json\/wp\/v2\/media\/14082"}],"wp:attachment":[{"href":"https:\/\/www.tracea.ch\/it\/wp-json\/wp\/v2\/media?parent=31695"}],"wp:term":[{"taxonomy":"product_brand","embeddable":true,"href":"https:\/\/www.tracea.ch\/it\/wp-json\/wp\/v2\/product_brand?post=31695"},{"taxonomy":"product_cat","embeddable":true,"href":"https:\/\/www.tracea.ch\/it\/wp-json\/wp\/v2\/product_cat?post=31695"},{"taxonomy":"product_tag","embeddable":true,"href":"https:\/\/www.tracea.ch\/it\/wp-json\/wp\/v2\/product_tag?post=31695"}],"curies":[{"name":"wp","href":"https:\/\/api.w.org\/{rel}","templated":true}]}}

https://www.tracea.ch/boutique/non%20classé/valero-poncho/

<p>Bon pour les surprises. Lorsque la pluie nous surprend sur le vélo, ce poncho de pluie à manches longues s&rsquo;enfile en un clin d&rsquo;œil. Pratique : le poncho peut être entièrement rangé dans la poche avant. Le tissu extérieur du poncho de pluie Unisexee pour le vélo est traité avec Eco Finish pour résister à l&rsquo;eau et aux salissures. VAUDE renonce ainsi aux fluorocarbones, des produits chimiques PFAS ou PFC, soupçonnés d&rsquo;être nocifs pour la santé. Le label VAUDE Green Shape est synonyme de produit écologique et fonctionnel fabriqué à partir de matériaux durables.</p>
<p><em>2 poches latérales à l&rsquo;italienne , 1 poche à l’avant pour ranger, poignets réglables, ceinture ventrale élastique à l&rsquo;intérieur, capuche montée et réglable en largeur, éléments réfléchissants sur le devant et dans le dos, sangles pour les mains</em></p>

<p>Poncho de pluie Unisexee pour le vélo #imperméable et coupe-vent #avec manches #le matériau principal est fabriqué en polyamide recyclé</p>
