{"id":37843,"date":"2026-07-08T02:16:46","date_gmt":"2026-07-08T02:16:46","guid":{"rendered":"https:\/\/www.tracea.ch\/boutique\/non%20class\u00e9\/womens-scopi-top-ii\/"},"modified":"2026-07-08T02:17:00","modified_gmt":"2026-07-08T02:17:00","slug":"womens-scopi-top-ii","status":"publish","type":"product","link":"https:\/\/www.tracea.ch\/it\/boutique\/womens-scopi-top-ii\/","title":{"rendered":"Women&rsquo;s Scopi Top II"},"content":{"rendered":"<p>Ce haut fonctionnel femme pose des jalons en mati\u00e8re de respirabilit\u00e9 et de perm\u00e9abilit\u00e9 \u00e0 l&rsquo;air\u00a0! C&rsquo;est surtout lorsque le mercure atteint des temp\u00e9ratures record en \u00e9t\u00e9 que le haut sait se faire appr\u00e9cier des passionn\u00e9es de montagne. La mati\u00e8re en mesh \u00e0 s\u00e9chage tr\u00e8s rapide est combin\u00e9e \u00e0 des zones renforc\u00e9es aux \u00e9paules, qui prennent ais\u00e9ment en charge le port prolong\u00e9 du sac \u00e0 dos. Le haut fonctionnel femme est pourtant si l\u00e9ger \u00e0 porter que l&rsquo;on aimerait en avoir deux dans son armoire\u00a0! Le label Green Shape de VAUDE garantit un produit \u00e9cologique, fonctionnel et fabriqu\u00e9 dans des mat\u00e9riaux durables.<\/p>\n<p><em>d\u00e9collet\u00e9 rond, imprim\u00e9 sur le dos<\/em><\/p>","protected":false},"excerpt":{"rendered":"<p>Haut fonctionnel femme l\u00e9ger pour sorties rapides en montagne #excellente ventilation #s\u00e8che rapidement #fabrication principale en mat\u00e9riaux recycl\u00e9s<\/p>","protected":false},"featured_media":24378,"comment_status":"closed","ping_status":"open","template":"","meta":[],"product_brand":[375],"product_cat":[213,704,216],"product_tag":[365,368,422,421],"class_list":["post-37843","product","type-product","status-publish","has-post-thumbnail","product_brand-vaude","product_cat-boutique","product_cat-top","product_cat-vetements","product_tag-boutique","product_tag-vente","product_tag-vente-vetement","product_tag-vetement","pa_couleur-soft-rose","pa_taille-466","pa_taille-436","pa_taille-437","pa_taille-438","pa_taille-439","pa_taille-440","first","instock","purchasable","product-type-variable"],"_links":{"self":[{"href":"https:\/\/www.tracea.ch\/it\/wp-json\/wp\/v2\/product\/37843","targetHints":{"allow":["GET"]}}],"collection":[{"href":"https:\/\/www.tracea.ch\/it\/wp-json\/wp\/v2\/product"}],"about":[{"href":"https:\/\/www.tracea.ch\/it\/wp-json\/wp\/v2\/types\/product"}],"replies":[{"embeddable":true,"href":"https:\/\/www.tracea.ch\/it\/wp-json\/wp\/v2\/comments?post=37843"}],"version-history":[{"count":1,"href":"https:\/\/www.tracea.ch\/it\/wp-json\/wp\/v2\/product\/37843\/revisions"}],"predecessor-version":[{"id":37844,"href":"https:\/\/www.tracea.ch\/it\/wp-json\/wp\/v2\/product\/37843\/revisions\/37844"}],"wp:featuredmedia":[{"embeddable":true,"href":"https:\/\/www.tracea.ch\/it\/wp-json\/wp\/v2\/media\/24378"}],"wp:attachment":[{"href":"https:\/\/www.tracea.ch\/it\/wp-json\/wp\/v2\/media?parent=37843"}],"wp:term":[{"taxonomy":"product_brand","embeddable":true,"href":"https:\/\/www.tracea.ch\/it\/wp-json\/wp\/v2\/product_brand?post=37843"},{"taxonomy":"product_cat","embeddable":true,"href":"https:\/\/www.tracea.ch\/it\/wp-json\/wp\/v2\/product_cat?post=37843"},{"taxonomy":"product_tag","embeddable":true,"href":"https:\/\/www.tracea.ch\/it\/wp-json\/wp\/v2\/product_tag?post=37843"}],"curies":[{"name":"wp","href":"https:\/\/api.w.org\/{rel}","templated":true}]}}

https://www.tracea.ch/boutique/non%20classé/womens-scopi-top-ii/

<p>Ce haut fonctionnel femme pose des jalons en matière de respirabilité et de perméabilité à l&rsquo;air ! C&rsquo;est surtout lorsque le mercure atteint des températures record en été que le haut sait se faire apprécier des passionnées de montagne. La matière en mesh à séchage très rapide est combinée à des zones renforcées aux épaules, qui prennent aisément en charge le port prolongé du sac à dos. Le haut fonctionnel femme est pourtant si léger à porter que l&rsquo;on aimerait en avoir deux dans son armoire ! Le label Green Shape de VAUDE garantit un produit écologique, fonctionnel et fabriqué dans des matériaux durables.</p>
<p><em>décolleté rond, imprimé sur le dos</em></p>

<p>Haut fonctionnel femme léger pour sorties rapides en montagne #excellente ventilation #sèche rapidement #fabrication principale en matériaux recyclés</p>
