{"id":39718,"date":"2026-07-08T03:15:26","date_gmt":"2026-07-08T03:15:26","guid":{"rendered":"https:\/\/www.tracea.ch\/boutique\/non%20class\u00e9\/kids-kikimora-jacket\/"},"modified":"2026-07-08T03:16:25","modified_gmt":"2026-07-08T03:16:25","slug":"kids-kikimora-jacket","status":"publish","type":"product","link":"https:\/\/www.tracea.ch\/it\/boutique\/kids-kikimora-jacket\/","title":{"rendered":"Kids Kikimora Jacket"},"content":{"rendered":"<p>Pour les petits aventuriers !Cette veste polaire chaude et agr\u00e9able \u00e0 porter est dot\u00e9e d&rsquo;une douche capuche et de deux confortables poches plaqu\u00e9es. La poche poitrine souligne le look sport de montagne d\u00e9contract\u00e9 et permet d&rsquo;y glisser les petits tr\u00e9sors. Le grand confort, la coupe moderne et la mati\u00e8re \u00e9cologique et facile d&rsquo;entretien font de la Kikimora Jacket un v\u00eatement incontournable pour les douces journ\u00e9es printani\u00e8res et soir\u00e9es estivales.Les v\u00eatements pour enfants fonctionnels VAUDE ont plus d&rsquo;un atout : mat\u00e9riaux de qualit\u00e9, formes et couleurs adapt\u00e9es aux enfants et fabrication \u00e9cologique. Nous concevons des \u00e9quipements outdoor pour enfants hautement r\u00e9sistants qui peuvent ainsi \u00eatre pass\u00e9s d&rsquo;un enfant \u00e0 un autre.<\/p>\n<p><em>capuche mont\u00e9e, zip invers\u00e9 avec rabat int\u00e9rieur sur le devant, 1 poche avec zip invers\u00e9 sur la poitrine, 2 poches dans la d\u00e9coupe \u00e0 l&rsquo;avant, bordures en lycra aux poignets et \u00e0 la ceinture, bord de la capuche en Lycra, \u00e9tiquette pour le nom jusqu&rsquo;\u00e0 la taille 122\/128<\/em><\/p>","protected":false},"excerpt":{"rendered":"<p>Veste polaire enfant l\u00e9g\u00e8re pour le quotidien et les loisirs #chaude et agr\u00e9able \u00e0 porter #facile d&rsquo;entretien, s\u00e8che rapidement #fabrication \u00e9cologique<\/p>","protected":false},"featured_media":20159,"comment_status":"closed","ping_status":"open","template":"","meta":[],"product_brand":[375],"product_cat":[213,709,216],"product_tag":[365,368,422,421],"class_list":["post-39718","product","type-product","status-publish","has-post-thumbnail","product_brand-vaude","product_cat-boutique","product_cat-veste","product_cat-vetements","product_tag-boutique","product_tag-vente","product_tag-vente-vetement","product_tag-vetement","pa_couleur-icicle","pa_couleur-salsa","pa_couleur-ultramarine","pa_couleur-vanilla","pa_couleur-willow-green-dark-sea","pa_taille-424","pa_taille-110-116","pa_taille-122-128","pa_taille-134-140","pa_taille-146-152","pa_taille-158-164","pa_taille-423","first","instock","purchasable","product-type-variable"],"_links":{"self":[{"href":"https:\/\/www.tracea.ch\/it\/wp-json\/wp\/v2\/product\/39718","targetHints":{"allow":["GET"]}}],"collection":[{"href":"https:\/\/www.tracea.ch\/it\/wp-json\/wp\/v2\/product"}],"about":[{"href":"https:\/\/www.tracea.ch\/it\/wp-json\/wp\/v2\/types\/product"}],"replies":[{"embeddable":true,"href":"https:\/\/www.tracea.ch\/it\/wp-json\/wp\/v2\/comments?post=39718"}],"version-history":[{"count":1,"href":"https:\/\/www.tracea.ch\/it\/wp-json\/wp\/v2\/product\/39718\/revisions"}],"predecessor-version":[{"id":39719,"href":"https:\/\/www.tracea.ch\/it\/wp-json\/wp\/v2\/product\/39718\/revisions\/39719"}],"wp:featuredmedia":[{"embeddable":true,"href":"https:\/\/www.tracea.ch\/it\/wp-json\/wp\/v2\/media\/20159"}],"wp:attachment":[{"href":"https:\/\/www.tracea.ch\/it\/wp-json\/wp\/v2\/media?parent=39718"}],"wp:term":[{"taxonomy":"product_brand","embeddable":true,"href":"https:\/\/www.tracea.ch\/it\/wp-json\/wp\/v2\/product_brand?post=39718"},{"taxonomy":"product_cat","embeddable":true,"href":"https:\/\/www.tracea.ch\/it\/wp-json\/wp\/v2\/product_cat?post=39718"},{"taxonomy":"product_tag","embeddable":true,"href":"https:\/\/www.tracea.ch\/it\/wp-json\/wp\/v2\/product_tag?post=39718"}],"curies":[{"name":"wp","href":"https:\/\/api.w.org\/{rel}","templated":true}]}}

https://www.tracea.ch/boutique/non%20classé/kids-kikimora-jacket/

<p>Pour les petits aventuriers !Cette veste polaire chaude et agréable à porter est dotée d&rsquo;une douche capuche et de deux confortables poches plaquées. La poche poitrine souligne le look sport de montagne décontracté et permet d&rsquo;y glisser les petits trésors. Le grand confort, la coupe moderne et la matière écologique et facile d&rsquo;entretien font de la Kikimora Jacket un vêtement incontournable pour les douces journées printanières et soirées estivales.Les vêtements pour enfants fonctionnels VAUDE ont plus d&rsquo;un atout : matériaux de qualité, formes et couleurs adaptées aux enfants et fabrication écologique. Nous concevons des équipements outdoor pour enfants hautement résistants qui peuvent ainsi être passés d&rsquo;un enfant à un autre.</p>
<p><em>capuche montée, zip inversé avec rabat intérieur sur le devant, 1 poche avec zip inversé sur la poitrine, 2 poches dans la découpe à l&rsquo;avant, bordures en lycra aux poignets et à la ceinture, bord de la capuche en Lycra, étiquette pour le nom jusqu&rsquo;à la taille 122/128</em></p>

<p>Veste polaire enfant légère pour le quotidien et les loisirs #chaude et agréable à porter #facile d&rsquo;entretien, sèche rapidement #fabrication écologique</p>
