{"id":44201,"date":"2026-07-08T11:36:19","date_gmt":"2026-07-08T11:36:19","guid":{"rendered":"https:\/\/www.tracea.ch\/boutique\/non%20class\u00e9\/kids-caprea-2l-jacket\/"},"modified":"2026-07-08T11:36:57","modified_gmt":"2026-07-08T11:36:57","slug":"kids-caprea-2l-jacket","status":"publish","type":"product","link":"https:\/\/www.tracea.ch\/it\/boutique\/kids-caprea-2l-jacket\/","title":{"rendered":"Kids Caprea 2L Jacket"},"content":{"rendered":"<p>Pour les jeunes adeptes du plein-air: la veste enfant robuste a tout ce dont les explorateurs en herbe ont besoin. Elle ne prot\u00e8ge pas seulement du vent et des intemp\u00e9ries, mais contribue aussi \u00e0 la protection de l&rsquo;environnement de par sa fabrication en polyester recycl\u00e9. Les renforts au niveau du fessier, des \u00e9paules, des coudes et des avant-bras permettent de r\u00e9sister aux glissades et sacs \u00e0 dos. La veste enfant est munie d&rsquo;\u00e9l\u00e9ments r\u00e9fl\u00e9chissants. La ceinture est r\u00e9glable gr\u00e2ce au cordon de serrage qui se laisse facilement manipuler \u00e0 travers la poche. Les poignets peuvent aussi \u00eatre ajust\u00e9s par un velcro. La visi\u00e8re int\u00e9gr\u00e9e \u00e0 l&rsquo;avant de la capuche permet aux enfants de garder une bonne vue malgr\u00e9 la pluie. Des empi\u00e8cements \u00e9lastiques lat\u00e9raux au lieu de cordons ainsi que la fixation velcro \u00e0 l&rsquo;arri\u00e8re de la t\u00eate permettent d&rsquo;ajuster la capuche de mani\u00e8re optimale. La protection contre l&rsquo;humidit\u00e9 au niveau des poches spacieuses et de la fermeture \u00e0 glissi\u00e8re frontale pr\u00e9serve les fermetures quand les petits glissent sur le ventre. Elle se porte en \u00e9t\u00e9 comme veste de pluie, s&rsquo;accompagne d&rsquo;une veste polaire en automne et au printemps, pour devenir une veste toutes saisons avec une couche isolante en hiver. La fermeture \u00e0 glissi\u00e8re sur la face int\u00e9rieure permet de zipper une veste polaire et une veste isolante. Elle est facile d&rsquo;entretien pour couronner le tout: il suffit de frotter pour \u00f4ter les salissures tenaces. Comme de nombreuses autres tenues durables, la veste enfant ne doit \u00eatre nettoy\u00e9e et r\u00e9impr\u00e9gn\u00e9e que rarement. En tant que produit \u00e0 longue dur\u00e9e de vie, la veste enfant peut se transmettre de g\u00e9n\u00e9ration en g\u00e9n\u00e9ration. Le label Green Shape de VAUDE garantit un produit \u00e9cologique, fonctionnel et fabriqu\u00e9 dans des mat\u00e9riaux durables certifi\u00e9s bluesign\u00ae.<\/p>\n<p><em>mati\u00e8re double \u00e9paisseur, il est possible d&rsquo;y attacher une veste int\u00e9rieure gr\u00e2ce \u00e0 un zip, zip frontal avec double rabat et fold over, cordon plus s\u00fbr enti\u00e8rement cach\u00e9 dans la ceinture, r\u00e9glables par les poches, poignets avec \u00e9lastique et velcro pour adapter la largeur, capuche mont\u00e9e, passepoil r\u00e9fl\u00e9chissante, \u00e9tiquette pour le nom jusqu&rsquo;\u00e0 la taille 122\/128<\/em><\/p>","protected":false},"excerpt":{"rendered":"<p>Veste enfant robuste pour la garderie en for\u00eat et les loisirs #imperm\u00e9able, \u00e9tanche au vent et respirante #\u00e9l\u00e9ments r\u00e9fl\u00e9chissants #fabrication \u00e9cologique en polyester recycl\u00e9<\/p>","protected":false},"featured_media":21481,"comment_status":"closed","ping_status":"open","template":"","meta":[],"product_brand":[375],"product_cat":[213,709,216],"product_tag":[365,368,422,421],"class_list":["post-44201","product","type-product","status-publish","has-post-thumbnail","product_brand-vaude","product_cat-boutique","product_cat-veste","product_cat-vetements","product_tag-boutique","product_tag-vente","product_tag-vente-vetement","product_tag-vetement","pa_couleur-dark-sea-green","pa_couleur-hotchili","pa_couleur-willow-green","pa_taille-424","pa_taille-110-116","pa_taille-122-128","pa_taille-134-140","pa_taille-146-152","pa_taille-158-164","pa_taille-418","pa_taille-423","first","instock","purchasable","product-type-variable"],"_links":{"self":[{"href":"https:\/\/www.tracea.ch\/it\/wp-json\/wp\/v2\/product\/44201","targetHints":{"allow":["GET"]}}],"collection":[{"href":"https:\/\/www.tracea.ch\/it\/wp-json\/wp\/v2\/product"}],"about":[{"href":"https:\/\/www.tracea.ch\/it\/wp-json\/wp\/v2\/types\/product"}],"replies":[{"embeddable":true,"href":"https:\/\/www.tracea.ch\/it\/wp-json\/wp\/v2\/comments?post=44201"}],"version-history":[{"count":1,"href":"https:\/\/www.tracea.ch\/it\/wp-json\/wp\/v2\/product\/44201\/revisions"}],"predecessor-version":[{"id":44202,"href":"https:\/\/www.tracea.ch\/it\/wp-json\/wp\/v2\/product\/44201\/revisions\/44202"}],"wp:featuredmedia":[{"embeddable":true,"href":"https:\/\/www.tracea.ch\/it\/wp-json\/wp\/v2\/media\/21481"}],"wp:attachment":[{"href":"https:\/\/www.tracea.ch\/it\/wp-json\/wp\/v2\/media?parent=44201"}],"wp:term":[{"taxonomy":"product_brand","embeddable":true,"href":"https:\/\/www.tracea.ch\/it\/wp-json\/wp\/v2\/product_brand?post=44201"},{"taxonomy":"product_cat","embeddable":true,"href":"https:\/\/www.tracea.ch\/it\/wp-json\/wp\/v2\/product_cat?post=44201"},{"taxonomy":"product_tag","embeddable":true,"href":"https:\/\/www.tracea.ch\/it\/wp-json\/wp\/v2\/product_tag?post=44201"}],"curies":[{"name":"wp","href":"https:\/\/api.w.org\/{rel}","templated":true}]}}

https://www.tracea.ch/boutique/non%20classé/kids-caprea-2l-jacket/

<p>Pour les jeunes adeptes du plein-air: la veste enfant robuste a tout ce dont les explorateurs en herbe ont besoin. Elle ne protège pas seulement du vent et des intempéries, mais contribue aussi à la protection de l&rsquo;environnement de par sa fabrication en polyester recyclé. Les renforts au niveau du fessier, des épaules, des coudes et des avant-bras permettent de résister aux glissades et sacs à dos. La veste enfant est munie d&rsquo;éléments réfléchissants. La ceinture est réglable grâce au cordon de serrage qui se laisse facilement manipuler à travers la poche. Les poignets peuvent aussi être ajustés par un velcro. La visière intégrée à l&rsquo;avant de la capuche permet aux enfants de garder une bonne vue malgré la pluie. Des empiècements élastiques latéraux au lieu de cordons ainsi que la fixation velcro à l&rsquo;arrière de la tête permettent d&rsquo;ajuster la capuche de manière optimale. La protection contre l&rsquo;humidité au niveau des poches spacieuses et de la fermeture à glissière frontale préserve les fermetures quand les petits glissent sur le ventre. Elle se porte en été comme veste de pluie, s&rsquo;accompagne d&rsquo;une veste polaire en automne et au printemps, pour devenir une veste toutes saisons avec une couche isolante en hiver. La fermeture à glissière sur la face intérieure permet de zipper une veste polaire et une veste isolante. Elle est facile d&rsquo;entretien pour couronner le tout: il suffit de frotter pour ôter les salissures tenaces. Comme de nombreuses autres tenues durables, la veste enfant ne doit être nettoyée et réimprégnée que rarement. En tant que produit à longue durée de vie, la veste enfant peut se transmettre de génération en génération. Le label Green Shape de VAUDE garantit un produit écologique, fonctionnel et fabriqué dans des matériaux durables certifiés bluesign®.</p>
<p><em>matière double épaisseur, il est possible d&rsquo;y attacher une veste intérieure grâce à un zip, zip frontal avec double rabat et fold over, cordon plus sûr entièrement caché dans la ceinture, réglables par les poches, poignets avec élastique et velcro pour adapter la largeur, capuche montée, passepoil réfléchissante, étiquette pour le nom jusqu&rsquo;à la taille 122/128</em></p>

<p>Veste enfant robuste pour la garderie en forêt et les loisirs #imperméable, étanche au vent et respirante #éléments réfléchissants #fabrication écologique en polyester recyclé</p>
