{"id":45397,"date":"2026-07-08T12:14:05","date_gmt":"2026-07-08T12:14:05","guid":{"rendered":"https:\/\/www.tracea.ch\/boutique\/non%20class\u00e9\/womens-rosemoor-jacket-ii\/"},"modified":"2026-07-08T12:15:54","modified_gmt":"2026-07-08T12:15:54","slug":"womens-rosemoor-jacket-ii","status":"publish","type":"product","link":"https:\/\/www.tracea.ch\/it\/boutique\/womens-rosemoor-jacket-ii\/","title":{"rendered":"Women&rsquo;s Rosemoor Jacket II"},"content":{"rendered":"<p>Durable, fonctionnelle, polyvalente et \u00e9l\u00e9gante: la veste Rosemoor Jacket II est une veste de pluie femme pour tous les cas et d&rsquo;usage polyvalent. Ultrarespirante gr\u00e2ce \u00e0 sa membrane Ceplex-Active, elle prot\u00e8ge efficacement contre le vent et les intemp\u00e9ries. La mati\u00e8re ext\u00e9rieure est compos\u00e9e \u00e0 100% de polyester recycl\u00e9 et des mat\u00e9riaux en partie recycl\u00e9s sont utilis\u00e9s dans la doublure. Ce fait de la veste de pluie pour femme une tenue \u00e9cologique d&rsquo;aspect s\u00e9duisant gr\u00e2ce \u00e0 son look chin\u00e9 tendance. Les poignets, la ceinture et la capuche sont r\u00e9glables. Si la capuche est superflue, on peut la ranger simplement dans le col de la veste de pluie pour femme. Ce produit est appr\u00eat\u00e9 avec la finition Eco Finish, d\u00e9perlante, \u00e9cologique et sans fluorocarbures (PFC). Le label Green Shape de VAUDE garantit un produit \u00e9cologique, fonctionnel et fabriqu\u00e9 dans des mat\u00e9riaux durables certifi\u00e9s bluesign\u00ae.<\/p>\n<p><em>mati\u00e8re double \u00e9paisseur, capuche mont\u00e9e, r\u00e9glable en largeur et rangeable dans le col, fermeture \u00e9clair avec rabat int\u00e9rieur et ext\u00e9rieur sur le devant, avec zip facilement r\u00e9parable, 2 poches frontales dissimul\u00e9es avec zip, cordon \u00e0 la ceinture r\u00e9glable par les poches, poignets \u00e9lastiques et ajustables gr\u00e2ce \u00e0 un velcro , doublure en deux parties, partie sup\u00e9rieure en mesh, partie inf\u00e9rieure en taffetas<\/em><\/p>","protected":false},"excerpt":{"rendered":"<p>Veste de pluie femme pour la randonn\u00e9e et le quotidien #imperm\u00e9able, \u00e9tanche au vent et respirante #aspect chin\u00e9 tendance #fabrication principale en mat\u00e9riaux recycl\u00e9s<\/p>","protected":false},"featured_media":22757,"comment_status":"closed","ping_status":"open","template":"","meta":[],"product_brand":[375],"product_cat":[213,709,216],"product_tag":[365,368,422,421],"class_list":["post-45397","product","type-product","status-publish","has-post-thumbnail","product_brand-vaude","product_cat-boutique","product_cat-veste","product_cat-vetements","product_tag-boutique","product_tag-vente","product_tag-vente-vetement","product_tag-vetement","pa_couleur-agave","pa_couleur-brick","pa_couleur-dark-sea","pa_couleur-magenta","pa_couleur-oat","pa_taille-466","pa_taille-436","pa_taille-437","pa_taille-438","pa_taille-439","pa_taille-440","pa_taille-441","pa_taille-459","first","instock","purchasable","product-type-variable"],"_links":{"self":[{"href":"https:\/\/www.tracea.ch\/it\/wp-json\/wp\/v2\/product\/45397","targetHints":{"allow":["GET"]}}],"collection":[{"href":"https:\/\/www.tracea.ch\/it\/wp-json\/wp\/v2\/product"}],"about":[{"href":"https:\/\/www.tracea.ch\/it\/wp-json\/wp\/v2\/types\/product"}],"replies":[{"embeddable":true,"href":"https:\/\/www.tracea.ch\/it\/wp-json\/wp\/v2\/comments?post=45397"}],"version-history":[{"count":1,"href":"https:\/\/www.tracea.ch\/it\/wp-json\/wp\/v2\/product\/45397\/revisions"}],"predecessor-version":[{"id":45398,"href":"https:\/\/www.tracea.ch\/it\/wp-json\/wp\/v2\/product\/45397\/revisions\/45398"}],"wp:featuredmedia":[{"embeddable":true,"href":"https:\/\/www.tracea.ch\/it\/wp-json\/wp\/v2\/media\/22757"}],"wp:attachment":[{"href":"https:\/\/www.tracea.ch\/it\/wp-json\/wp\/v2\/media?parent=45397"}],"wp:term":[{"taxonomy":"product_brand","embeddable":true,"href":"https:\/\/www.tracea.ch\/it\/wp-json\/wp\/v2\/product_brand?post=45397"},{"taxonomy":"product_cat","embeddable":true,"href":"https:\/\/www.tracea.ch\/it\/wp-json\/wp\/v2\/product_cat?post=45397"},{"taxonomy":"product_tag","embeddable":true,"href":"https:\/\/www.tracea.ch\/it\/wp-json\/wp\/v2\/product_tag?post=45397"}],"curies":[{"name":"wp","href":"https:\/\/api.w.org\/{rel}","templated":true}]}}

https://www.tracea.ch/boutique/non%20classé/womens-rosemoor-jacket-ii/

<p>Durable, fonctionnelle, polyvalente et élégante: la veste Rosemoor Jacket II est une veste de pluie femme pour tous les cas et d&rsquo;usage polyvalent. Ultrarespirante grâce à sa membrane Ceplex-Active, elle protège efficacement contre le vent et les intempéries. La matière extérieure est composée à 100% de polyester recyclé et des matériaux en partie recyclés sont utilisés dans la doublure. Ce fait de la veste de pluie pour femme une tenue écologique d&rsquo;aspect séduisant grâce à son look chiné tendance. Les poignets, la ceinture et la capuche sont réglables. Si la capuche est superflue, on peut la ranger simplement dans le col de la veste de pluie pour femme. Ce produit est apprêté avec la finition Eco Finish, déperlante, écologique et sans fluorocarbures (PFC). Le label Green Shape de VAUDE garantit un produit écologique, fonctionnel et fabriqué dans des matériaux durables certifiés bluesign®.</p>
<p><em>matière double épaisseur, capuche montée, réglable en largeur et rangeable dans le col, fermeture éclair avec rabat intérieur et extérieur sur le devant, avec zip facilement réparable, 2 poches frontales dissimulées avec zip, cordon à la ceinture réglable par les poches, poignets élastiques et ajustables grâce à un velcro , doublure en deux parties, partie supérieure en mesh, partie inférieure en taffetas</em></p>

<p>Veste de pluie femme pour la randonnée et le quotidien #imperméable, étanche au vent et respirante #aspect chiné tendance #fabrication principale en matériaux recyclés</p>
