{"id":45529,"date":"2026-07-08T12:18:16","date_gmt":"2026-07-08T12:18:16","guid":{"rendered":"https:\/\/www.tracea.ch\/boutique\/non%20class\u00e9\/mens-neyland-2-5l-jacket\/"},"modified":"2026-07-08T12:19:46","modified_gmt":"2026-07-08T12:19:46","slug":"mens-neyland-2-5l-jacket","status":"publish","type":"product","link":"https:\/\/www.tracea.ch\/it\/boutique\/mens-neyland-2-5l-jacket\/","title":{"rendered":"Men&rsquo;s Neyland 2.5L Jacket"},"content":{"rendered":"<p>Une veste de randonn\u00e9e homme ultrafonctionnelle et moderne pour tous les temps: Plus rien ne s&rsquo;oppose aux vir\u00e9es en montagne par tous les temps avec cette veste 2,5couches. La veste Neyland 2.5 L Jacket est respirante, imperm\u00e9able et \u00e9tanche au vent. La ventilation sous les aisselles favorise une thermor\u00e9gulation corporelle agr\u00e9able m\u00eame lors des activit\u00e9s physiques intenses. La veste de randonn\u00e9e pour homme au look moderne se comprime rapidement pour trouver une place dans chaque sac \u00e0 dos. La veste de randonn\u00e9e pour homme est compos\u00e9e \u00e0 100% de polyester recycl\u00e9 et promet un confort au porter \u00e9lev\u00e9 par son toucher naturel et doux. Le zip frontal ainsi que les deux poches zipp\u00e9es sont imperm\u00e9ables et \u00e9cartent enti\u00e8rement la pluie. La capuche peut se r\u00e9gler facilement d&rsquo;une main et offre \u00e0 la t\u00eate une libert\u00e9 de mouvement suffisante. La ceinture et les poignets sont r\u00e9glables. La veste de randonn\u00e9e durable et multifonction pour homme s\u00e9duit aussi au quotidien par temps maussade et humide. La veste Neyland 2,5couches est appr\u00eat\u00e9e avec la finition Eco Finish, d\u00e9perlante, \u00e9cologique et sans fluorocarbures (PFC). Le label Green Shape de VAUDE garantit un produit \u00e9cologique, fonctionnel et fabriqu\u00e9 dans des mat\u00e9riaux durables certifi\u00e9s bluesign\u00ae.<\/p>\n<p><em>mati\u00e8re 2,5 \u00e9paisseurs, capuche mont\u00e9e et r\u00e9glable en largeur, zip frontal avec rabat int\u00e9rieur, ventilation avec zip sous les bras, 2 poches frontales dissimul\u00e9es avec zip, cordon \u00e0 la ceinture r\u00e9glable par les poches, manches pr\u00e9form\u00e9es, poignets r\u00e9glables en largeur gr\u00e2ce \u00e0 un velcro, facilement compressible avec bande \u00e9lastique<\/em><\/p>","protected":false},"excerpt":{"rendered":"<p>Veste de randonn\u00e9e homme imperm\u00e9able et respirante pour le sport de montagne et le quotidien #imperm\u00e9able, \u00e9tanche au vent et respirante #l\u00e9g\u00e8re et compressible #fabrication \u00e0 100 % en polyester recycl\u00e9<\/p>","protected":false},"featured_media":22786,"comment_status":"closed","ping_status":"open","template":"","meta":[],"product_brand":[375],"product_cat":[213,709,216],"product_tag":[365,368,422,421],"class_list":["post-45529","product","type-product","status-publish","has-post-thumbnail","product_brand-vaude","product_cat-boutique","product_cat-veste","product_cat-vetements","product_tag-boutique","product_tag-vente","product_tag-vente-vetement","product_tag-vetement","pa_couleur-carmine","pa_couleur-dark-leaf","pa_couleur-dark-sea","pa_couleur-khaki","pa_couleur-kumquat","pa_couleur-phantom-black","pa_couleur-purple-ash","pa_taille-l","pa_taille-m","pa_taille-s","pa_taille-xl","pa_taille-xxl","pa_taille-xxxl","first","instock","purchasable","product-type-variable"],"_links":{"self":[{"href":"https:\/\/www.tracea.ch\/it\/wp-json\/wp\/v2\/product\/45529","targetHints":{"allow":["GET"]}}],"collection":[{"href":"https:\/\/www.tracea.ch\/it\/wp-json\/wp\/v2\/product"}],"about":[{"href":"https:\/\/www.tracea.ch\/it\/wp-json\/wp\/v2\/types\/product"}],"replies":[{"embeddable":true,"href":"https:\/\/www.tracea.ch\/it\/wp-json\/wp\/v2\/comments?post=45529"}],"version-history":[{"count":1,"href":"https:\/\/www.tracea.ch\/it\/wp-json\/wp\/v2\/product\/45529\/revisions"}],"predecessor-version":[{"id":45530,"href":"https:\/\/www.tracea.ch\/it\/wp-json\/wp\/v2\/product\/45529\/revisions\/45530"}],"wp:featuredmedia":[{"embeddable":true,"href":"https:\/\/www.tracea.ch\/it\/wp-json\/wp\/v2\/media\/22786"}],"wp:attachment":[{"href":"https:\/\/www.tracea.ch\/it\/wp-json\/wp\/v2\/media?parent=45529"}],"wp:term":[{"taxonomy":"product_brand","embeddable":true,"href":"https:\/\/www.tracea.ch\/it\/wp-json\/wp\/v2\/product_brand?post=45529"},{"taxonomy":"product_cat","embeddable":true,"href":"https:\/\/www.tracea.ch\/it\/wp-json\/wp\/v2\/product_cat?post=45529"},{"taxonomy":"product_tag","embeddable":true,"href":"https:\/\/www.tracea.ch\/it\/wp-json\/wp\/v2\/product_tag?post=45529"}],"curies":[{"name":"wp","href":"https:\/\/api.w.org\/{rel}","templated":true}]}}

https://www.tracea.ch/boutique/non%20classé/mens-neyland-2-5l-jacket/

<p>Une veste de randonnée homme ultrafonctionnelle et moderne pour tous les temps: Plus rien ne s&rsquo;oppose aux virées en montagne par tous les temps avec cette veste 2,5couches. La veste Neyland 2.5 L Jacket est respirante, imperméable et étanche au vent. La ventilation sous les aisselles favorise une thermorégulation corporelle agréable même lors des activités physiques intenses. La veste de randonnée pour homme au look moderne se comprime rapidement pour trouver une place dans chaque sac à dos. La veste de randonnée pour homme est composée à 100% de polyester recyclé et promet un confort au porter élevé par son toucher naturel et doux. Le zip frontal ainsi que les deux poches zippées sont imperméables et écartent entièrement la pluie. La capuche peut se régler facilement d&rsquo;une main et offre à la tête une liberté de mouvement suffisante. La ceinture et les poignets sont réglables. La veste de randonnée durable et multifonction pour homme séduit aussi au quotidien par temps maussade et humide. La veste Neyland 2,5couches est apprêtée avec la finition Eco Finish, déperlante, écologique et sans fluorocarbures (PFC). Le label Green Shape de VAUDE garantit un produit écologique, fonctionnel et fabriqué dans des matériaux durables certifiés bluesign®.</p>
<p><em>matière 2,5 épaisseurs, capuche montée et réglable en largeur, zip frontal avec rabat intérieur, ventilation avec zip sous les bras, 2 poches frontales dissimulées avec zip, cordon à la ceinture réglable par les poches, manches préformées, poignets réglables en largeur grâce à un velcro, facilement compressible avec bande élastique</em></p>

<p>Veste de randonnée homme imperméable et respirante pour le sport de montagne et le quotidien #imperméable, étanche au vent et respirante #légère et compressible #fabrication à 100 % en polyester recyclé</p>
