{"id":45679,"date":"2026-07-08T12:22:57","date_gmt":"2026-07-08T12:22:57","guid":{"rendered":"https:\/\/www.tracea.ch\/boutique\/non%20class\u00e9\/womens-matera-air-jacket\/"},"modified":"2026-07-08T12:25:24","modified_gmt":"2026-07-08T12:25:24","slug":"womens-matera-air-jacket","status":"publish","type":"product","link":"https:\/\/www.tracea.ch\/it\/boutique\/womens-matera-air-jacket\/","title":{"rendered":"Women&rsquo;s Matera Air Jacket"},"content":{"rendered":"<p>Veste coupe-vent femme ultral\u00e9g\u00e8re con\u00e7ue pour toutes les variantes de sport cycliste \u00e0 emporter toujours avec soi. Les manches longues pr\u00e9form\u00e9es sont munies de bordures \u00e9lastiques comme le dos allong\u00e9 sp\u00e9cifique au VTT. Une poche ouverte est appliqu\u00e9e au dos, dans laquelle la veste femme de v\u00e9lo peut se compresser pour le gain de place. La veste coupe-vent pour femme compos\u00e9e \u00e0 100% de polyester recycl\u00e9 est dot\u00e9e de la finition d\u00e9perlante et antisalissures Eco Finish, respirante et \u00e0 s\u00e9chage rapide. Des logos r\u00e9fl\u00e9chissants compl\u00e8tent ce multitalent assorti au legging Matera Tights ou au maillot Matera FZ. Le label Green Shape de VAUDE garantit un produit \u00e9cologique, fonctionnel et fabriqu\u00e9 dans des mat\u00e9riaux durables certifi\u00e9s bluesign\u00ae. En tant que membre Leader de l&rsquo;organisme ind\u00e9pendant Fair Wear, VAUDE s&rsquo;engage en faveur de conditions de travail et de salaires \u00e9quitables.<\/p>\n<p><em>manches pr\u00e9form\u00e9es, Rabat int\u00e9rieur avec prot\u00e8ge-menton dans le col, bordures en lycra aux poignets et \u00e0 la ceinture, 1 poche dorsale pour ranger la veste, zip continu sur le devant, \u00e9l\u00e9ments r\u00e9fl\u00e9chissants<\/em><\/p>","protected":false},"excerpt":{"rendered":"<p>Veste coupe-vent l\u00e9g\u00e8re et respirante pour le cyclisme au f\u00e9minin #coupe-vent et d\u00e9perlante #l\u00e9g\u00e8re, compacte #fabrication \u00e9cologique en mat\u00e9riaux principalement recycl\u00e9s<\/p>","protected":false},"featured_media":22982,"comment_status":"closed","ping_status":"open","template":"","meta":[],"product_brand":[375],"product_cat":[213,709,216],"product_tag":[365,368,422,421],"class_list":["post-45679","product","type-product","status-publish","has-post-thumbnail","product_brand-vaude","product_cat-boutique","product_cat-veste","product_cat-vetements","product_tag-boutique","product_tag-vente","product_tag-vente-vetement","product_tag-vetement","pa_couleur-black","pa_couleur-brick","pa_couleur-dark-oak","pa_couleur-dark-sea","pa_couleur-dusty-fern","pa_couleur-eggplant","pa_couleur-magenta","pa_couleur-shore-blue","pa_couleur-white","pa_taille-466","pa_taille-436","pa_taille-437","pa_taille-438","pa_taille-439","pa_taille-440","pa_taille-441","first","instock","purchasable","product-type-variable"],"_links":{"self":[{"href":"https:\/\/www.tracea.ch\/it\/wp-json\/wp\/v2\/product\/45679","targetHints":{"allow":["GET"]}}],"collection":[{"href":"https:\/\/www.tracea.ch\/it\/wp-json\/wp\/v2\/product"}],"about":[{"href":"https:\/\/www.tracea.ch\/it\/wp-json\/wp\/v2\/types\/product"}],"replies":[{"embeddable":true,"href":"https:\/\/www.tracea.ch\/it\/wp-json\/wp\/v2\/comments?post=45679"}],"version-history":[{"count":1,"href":"https:\/\/www.tracea.ch\/it\/wp-json\/wp\/v2\/product\/45679\/revisions"}],"predecessor-version":[{"id":45680,"href":"https:\/\/www.tracea.ch\/it\/wp-json\/wp\/v2\/product\/45679\/revisions\/45680"}],"wp:featuredmedia":[{"embeddable":true,"href":"https:\/\/www.tracea.ch\/it\/wp-json\/wp\/v2\/media\/22982"}],"wp:attachment":[{"href":"https:\/\/www.tracea.ch\/it\/wp-json\/wp\/v2\/media?parent=45679"}],"wp:term":[{"taxonomy":"product_brand","embeddable":true,"href":"https:\/\/www.tracea.ch\/it\/wp-json\/wp\/v2\/product_brand?post=45679"},{"taxonomy":"product_cat","embeddable":true,"href":"https:\/\/www.tracea.ch\/it\/wp-json\/wp\/v2\/product_cat?post=45679"},{"taxonomy":"product_tag","embeddable":true,"href":"https:\/\/www.tracea.ch\/it\/wp-json\/wp\/v2\/product_tag?post=45679"}],"curies":[{"name":"wp","href":"https:\/\/api.w.org\/{rel}","templated":true}]}}

https://www.tracea.ch/boutique/non%20classé/womens-matera-air-jacket/

<p>Veste coupe-vent femme ultralégère conçue pour toutes les variantes de sport cycliste à emporter toujours avec soi. Les manches longues préformées sont munies de bordures élastiques comme le dos allongé spécifique au VTT. Une poche ouverte est appliquée au dos, dans laquelle la veste femme de vélo peut se compresser pour le gain de place. La veste coupe-vent pour femme composée à 100% de polyester recyclé est dotée de la finition déperlante et antisalissures Eco Finish, respirante et à séchage rapide. Des logos réfléchissants complètent ce multitalent assorti au legging Matera Tights ou au maillot Matera FZ. Le label Green Shape de VAUDE garantit un produit écologique, fonctionnel et fabriqué dans des matériaux durables certifiés bluesign®. En tant que membre Leader de l&rsquo;organisme indépendant Fair Wear, VAUDE s&rsquo;engage en faveur de conditions de travail et de salaires équitables.</p>
<p><em>manches préformées, Rabat intérieur avec protège-menton dans le col, bordures en lycra aux poignets et à la ceinture, 1 poche dorsale pour ranger la veste, zip continu sur le devant, éléments réfléchissants</em></p>

<p>Veste coupe-vent légère et respirante pour le cyclisme au féminin #coupe-vent et déperlante #légère, compacte #fabrication écologique en matériaux principalement recyclés</p>
