{"id":46130,"date":"2026-07-08T12:37:45","date_gmt":"2026-07-08T12:37:45","guid":{"rendered":"https:\/\/www.tracea.ch\/boutique\/non%20class\u00e9\/mens-coreway-parka\/"},"modified":"2026-07-08T12:38:24","modified_gmt":"2026-07-08T12:38:24","slug":"mens-coreway-parka","status":"publish","type":"product","link":"https:\/\/www.tracea.ch\/it\/boutique\/mens-coreway-parka\/","title":{"rendered":"Men&rsquo;s Coreway Parka"},"content":{"rendered":"<p>LA garde-robe d&rsquo;hiver pour les amateurs de parkas. La parka homme citadine Coreway a plus d&rsquo;un atout: elle est imperm\u00e9able gr\u00e2ce \u00e0 sa membrane int\u00e9gr\u00e9e, \u00e9tanche au vent et respirante, et donc capable de d\u00e9fier tous les temps. La parka homme est dot\u00e9e d&rsquo;une isolation de qualit\u00e9 super chaude PrimaLoft\u00ae Black sous son matelassage en losanges. Des cl\u00e9s ou le smartphone peuvent se glisser dans la poche int\u00e9rieure. Les poches ext\u00e9rieures sont accessibles par le haut via le rabat ou par les c\u00f4t\u00e9s et sont cloisonn\u00e9es s\u00e9par\u00e9es. Gr\u00e2ce au zip des poches en biais, impossible de perdre quoi que ce soit en chemin. La capuche r\u00e9glable par un cordon a \u00e9t\u00e9 doubl\u00e9e de belle laine. Les deux zips bidirectionnels \u00e0 l&rsquo;avant permettent d&rsquo;ouvrir la parka par le bas, ce qui est pratique si l&rsquo;on est \u00e0 v\u00e9lo. Les manches sont ferm\u00e9es par de douces bordures c\u00f4tel\u00e9es et ne laissent aucune chance au vent et au froid. Bref, une super parka fonctionnelle et polyvalente pour tout l&rsquo;hiver. En tant que membre Leader de l&rsquo;organisme ind\u00e9pendant Fair Wear, VAUDE s&rsquo;engage en faveur de conditions de travail et de salaires \u00e9quitables. Le label Green Shape de VAUDE garantit un produit \u00e9cologique, fonctionnel et fabriqu\u00e9 dans des mat\u00e9riaux durables certifi\u00e9s bluesign\u00ae.<\/p>\n<p><em>mati\u00e8re double \u00e9paisseur, capuche mont\u00e9e et r\u00e9glable en largeur, capuche avec cordon, zip \u00e0 double-sens sur le devant, fermeture \u00e9clair avec rabat int\u00e9rieur et ext\u00e9rieur sur le devant, 4 poches zipp\u00e9es avec rabats sur le devant, 1 poche int\u00e9rieure zipp\u00e9e<\/em><\/p>","protected":false},"excerpt":{"rendered":"<p>Parka homme urbaine et rembourr\u00e9e #imperm\u00e9able, \u00e9tanche au vent et respirante #nombreuses poches #fabrication en mat\u00e9riau recycl\u00e9<\/p>","protected":false},"featured_media":23545,"comment_status":"closed","ping_status":"open","template":"","meta":[],"product_brand":[375],"product_cat":[213,709,216],"product_tag":[365,368,422,421],"class_list":["post-46130","product","type-product","status-publish","has-post-thumbnail","product_brand-vaude","product_cat-boutique","product_cat-veste","product_cat-vetements","product_tag-boutique","product_tag-vente","product_tag-vente-vetement","product_tag-vetement","pa_couleur-black","pa_couleur-khaki","pa_couleur-turf","pa_taille-l","pa_taille-m","pa_taille-s","pa_taille-xl","pa_taille-xxl","first","instock","purchasable","product-type-variable"],"_links":{"self":[{"href":"https:\/\/www.tracea.ch\/it\/wp-json\/wp\/v2\/product\/46130","targetHints":{"allow":["GET"]}}],"collection":[{"href":"https:\/\/www.tracea.ch\/it\/wp-json\/wp\/v2\/product"}],"about":[{"href":"https:\/\/www.tracea.ch\/it\/wp-json\/wp\/v2\/types\/product"}],"replies":[{"embeddable":true,"href":"https:\/\/www.tracea.ch\/it\/wp-json\/wp\/v2\/comments?post=46130"}],"version-history":[{"count":1,"href":"https:\/\/www.tracea.ch\/it\/wp-json\/wp\/v2\/product\/46130\/revisions"}],"predecessor-version":[{"id":46131,"href":"https:\/\/www.tracea.ch\/it\/wp-json\/wp\/v2\/product\/46130\/revisions\/46131"}],"wp:featuredmedia":[{"embeddable":true,"href":"https:\/\/www.tracea.ch\/it\/wp-json\/wp\/v2\/media\/23545"}],"wp:attachment":[{"href":"https:\/\/www.tracea.ch\/it\/wp-json\/wp\/v2\/media?parent=46130"}],"wp:term":[{"taxonomy":"product_brand","embeddable":true,"href":"https:\/\/www.tracea.ch\/it\/wp-json\/wp\/v2\/product_brand?post=46130"},{"taxonomy":"product_cat","embeddable":true,"href":"https:\/\/www.tracea.ch\/it\/wp-json\/wp\/v2\/product_cat?post=46130"},{"taxonomy":"product_tag","embeddable":true,"href":"https:\/\/www.tracea.ch\/it\/wp-json\/wp\/v2\/product_tag?post=46130"}],"curies":[{"name":"wp","href":"https:\/\/api.w.org\/{rel}","templated":true}]}}

https://www.tracea.ch/boutique/non%20classé/mens-coreway-parka/

<p>LA garde-robe d&rsquo;hiver pour les amateurs de parkas. La parka homme citadine Coreway a plus d&rsquo;un atout: elle est imperméable grâce à sa membrane intégrée, étanche au vent et respirante, et donc capable de défier tous les temps. La parka homme est dotée d&rsquo;une isolation de qualité super chaude PrimaLoft® Black sous son matelassage en losanges. Des clés ou le smartphone peuvent se glisser dans la poche intérieure. Les poches extérieures sont accessibles par le haut via le rabat ou par les côtés et sont cloisonnées séparées. Grâce au zip des poches en biais, impossible de perdre quoi que ce soit en chemin. La capuche réglable par un cordon a été doublée de belle laine. Les deux zips bidirectionnels à l&rsquo;avant permettent d&rsquo;ouvrir la parka par le bas, ce qui est pratique si l&rsquo;on est à vélo. Les manches sont fermées par de douces bordures côtelées et ne laissent aucune chance au vent et au froid. Bref, une super parka fonctionnelle et polyvalente pour tout l&rsquo;hiver. En tant que membre Leader de l&rsquo;organisme indépendant Fair Wear, VAUDE s&rsquo;engage en faveur de conditions de travail et de salaires équitables. Le label Green Shape de VAUDE garantit un produit écologique, fonctionnel et fabriqué dans des matériaux durables certifiés bluesign®.</p>
<p><em>matière double épaisseur, capuche montée et réglable en largeur, capuche avec cordon, zip à double-sens sur le devant, fermeture éclair avec rabat intérieur et extérieur sur le devant, 4 poches zippées avec rabats sur le devant, 1 poche intérieure zippée</em></p>

<p>Parka homme urbaine et rembourrée #imperméable, étanche au vent et respirante #nombreuses poches #fabrication en matériau recyclé</p>
