{"id":46800,"date":"2026-07-08T12:56:22","date_gmt":"2026-07-08T12:56:22","guid":{"rendered":"https:\/\/www.tracea.ch\/boutique\/non%20class\u00e9\/mens-mineo-25l-jacket\/"},"modified":"2026-07-08T12:57:05","modified_gmt":"2026-07-08T12:57:05","slug":"mens-mineo-25l-jacket","status":"publish","type":"product","link":"https:\/\/www.tracea.ch\/it\/boutique\/mens-mineo-25l-jacket\/","title":{"rendered":"Men`s Mineo 2,5L Jacket"},"content":{"rendered":"<p>Veste \u00e0 capuche urbaine pour toutes occasions&nbsp;: la veste Mineo 2,5&nbsp;couches pour homme est imperm\u00e9able, \u00e9tanche au vent et hautement respirante avec fiabilit\u00e9 gr\u00e2ce \u00e0 sa membrane. La mati\u00e8re Ripstop tr\u00e8s l\u00e9g\u00e8re et r\u00e9sistante est tir\u00e9e du recyclage de bouteilles PET. Facile d&rsquo;entretien, cette veste homme l\u00e9g\u00e8re 2,5&nbsp;couches est infroissable et peut se comprimer dans sa propre poche, pour prendre place dans chaque daypack. Elle r\u00e9pond parfaitement aux besoins des \u00e9tudiants, des navetteurs et de tous ceux qui se d\u00e9placent toute la journ\u00e9e. Les orifices de ventilation suppl\u00e9mentaires sur la poitrine et au dos garantissent une r\u00e9gulation thermique agr\u00e9able par tous les temps. La veste Mineo polyvalente est munie d&rsquo;un cordon de serrage sur le c\u00f4t\u00e9 droit, qui s&rsquo;ajuste d&rsquo;une seule main, ainsi que de deux poches poitrine, d&rsquo;une capuche avec r\u00e9glage d&rsquo;une seule main, d&rsquo;une bride de suspension ext\u00e9rieure, d&rsquo;un zip d\u00e9perlant et de poignets ajustables. Elle est appr\u00eat\u00e9e dans le respect de l&rsquo;environnement avec la finition d\u00e9perlante Eco Finish sans fluorocarbures (PFC). Le label Green Shape de VAUDE garantit un produit \u00e9cologique, fonctionnel et fabriqu\u00e9 dans des mat\u00e9riaux durables certifi\u00e9s bluesign\u00ae.<\/p>\n<p><em>mati\u00e8re 2,5 \u00e9paisseurs, capuche mont\u00e9e et r\u00e9glable en largeur, zip hydrophobe \u00e0 l&rsquo;avant, 2 poches avec rabats sur la poitrine, 2 poches frontales avec zip invers\u00e9, 1 poche \u00e0 l\u2019avant pour ranger, cordon \u00e0 la ceinture avec syst\u00e8me de r\u00e9glage \u00e0 une main, ventilation dorsale, poignets partiellement \u00e9lastiques, poignets r\u00e9glables en largeur gr\u00e2ce \u00e0 un velcro<\/em><\/p>","protected":false},"excerpt":{"rendered":"<p>Veste 2,5&nbsp;couches homme tr\u00e8s l\u00e9g\u00e8re pour le quotidien urbain #imperm\u00e9able, \u00e9tanche au vent et hautement respirante #compressible dans sa propre poche #fabrication \u00e9cologique en bouteilles PET recycl\u00e9es<\/p>","protected":false},"featured_media":24332,"comment_status":"closed","ping_status":"open","template":"","meta":[],"product_brand":[375],"product_cat":[213,709,216],"product_tag":[365,368,422,421],"class_list":["post-46800","product","type-product","status-publish","has-post-thumbnail","product_brand-vaude","product_cat-boutique","product_cat-veste","product_cat-vetements","product_tag-boutique","product_tag-vente","product_tag-vente-vetement","product_tag-vetement","pa_couleur-black-uni","pa_couleur-khaki","pa_couleur-radiate-blue","pa_taille-l","pa_taille-m","pa_taille-s","pa_taille-xl","pa_taille-xxl","first","instock","purchasable","product-type-variable"],"_links":{"self":[{"href":"https:\/\/www.tracea.ch\/it\/wp-json\/wp\/v2\/product\/46800","targetHints":{"allow":["GET"]}}],"collection":[{"href":"https:\/\/www.tracea.ch\/it\/wp-json\/wp\/v2\/product"}],"about":[{"href":"https:\/\/www.tracea.ch\/it\/wp-json\/wp\/v2\/types\/product"}],"replies":[{"embeddable":true,"href":"https:\/\/www.tracea.ch\/it\/wp-json\/wp\/v2\/comments?post=46800"}],"version-history":[{"count":1,"href":"https:\/\/www.tracea.ch\/it\/wp-json\/wp\/v2\/product\/46800\/revisions"}],"predecessor-version":[{"id":46801,"href":"https:\/\/www.tracea.ch\/it\/wp-json\/wp\/v2\/product\/46800\/revisions\/46801"}],"wp:featuredmedia":[{"embeddable":true,"href":"https:\/\/www.tracea.ch\/it\/wp-json\/wp\/v2\/media\/24332"}],"wp:attachment":[{"href":"https:\/\/www.tracea.ch\/it\/wp-json\/wp\/v2\/media?parent=46800"}],"wp:term":[{"taxonomy":"product_brand","embeddable":true,"href":"https:\/\/www.tracea.ch\/it\/wp-json\/wp\/v2\/product_brand?post=46800"},{"taxonomy":"product_cat","embeddable":true,"href":"https:\/\/www.tracea.ch\/it\/wp-json\/wp\/v2\/product_cat?post=46800"},{"taxonomy":"product_tag","embeddable":true,"href":"https:\/\/www.tracea.ch\/it\/wp-json\/wp\/v2\/product_tag?post=46800"}],"curies":[{"name":"wp","href":"https:\/\/api.w.org\/{rel}","templated":true}]}}

https://www.tracea.ch/boutique/non%20classé/mens-mineo-25l-jacket/

<p>Veste à capuche urbaine pour toutes occasions&nbsp;: la veste Mineo 2,5&nbsp;couches pour homme est imperméable, étanche au vent et hautement respirante avec fiabilité grâce à sa membrane. La matière Ripstop très légère et résistante est tirée du recyclage de bouteilles PET. Facile d&rsquo;entretien, cette veste homme légère 2,5&nbsp;couches est infroissable et peut se comprimer dans sa propre poche, pour prendre place dans chaque daypack. Elle répond parfaitement aux besoins des étudiants, des navetteurs et de tous ceux qui se déplacent toute la journée. Les orifices de ventilation supplémentaires sur la poitrine et au dos garantissent une régulation thermique agréable par tous les temps. La veste Mineo polyvalente est munie d&rsquo;un cordon de serrage sur le côté droit, qui s&rsquo;ajuste d&rsquo;une seule main, ainsi que de deux poches poitrine, d&rsquo;une capuche avec réglage d&rsquo;une seule main, d&rsquo;une bride de suspension extérieure, d&rsquo;un zip déperlant et de poignets ajustables. Elle est apprêtée dans le respect de l&rsquo;environnement avec la finition déperlante Eco Finish sans fluorocarbures (PFC). Le label Green Shape de VAUDE garantit un produit écologique, fonctionnel et fabriqué dans des matériaux durables certifiés bluesign®.</p>
<p><em>matière 2,5 épaisseurs, capuche montée et réglable en largeur, zip hydrophobe à l&rsquo;avant, 2 poches avec rabats sur la poitrine, 2 poches frontales avec zip inversé, 1 poche à l’avant pour ranger, cordon à la ceinture avec système de réglage à une main, ventilation dorsale, poignets partiellement élastiques, poignets réglables en largeur grâce à un velcro</em></p>

<p>Veste 2,5&nbsp;couches homme très légère pour le quotidien urbain #imperméable, étanche au vent et hautement respirante #compressible dans sa propre poche #fabrication écologique en bouteilles PET recyclées</p>
