{"id":47335,"date":"2026-07-08T13:11:59","date_gmt":"2026-07-08T13:11:59","guid":{"rendered":"https:\/\/www.tracea.ch\/boutique\/non%20class\u00e9\/womens-qimsa-hooded-softshell-jacket\/"},"modified":"2026-07-08T13:13:00","modified_gmt":"2026-07-08T13:13:00","slug":"womens-qimsa-hooded-softshell-jacket","status":"publish","type":"product","link":"https:\/\/www.tracea.ch\/it\/boutique\/womens-qimsa-hooded-softshell-jacket\/","title":{"rendered":"Women&rsquo;s Qimsa Hooded Softshell Jacket"},"content":{"rendered":"<p>Cette veste softshell cycliste pour femme est polyvalente et coupe-vent. Pour repousser le vent, nous avons dot\u00e9 la veste softshell de poignets \u00e9lastiques et la taille d&rsquo;un cordon de serrage. L&rsquo;ouverture de la capuche peut \u00e9galement s&rsquo;ajuster. Deux poches zipp\u00e9es permettent de ranger des affaires \u00e0 l&rsquo;avant. Des manches pr\u00e9form\u00e9es et des \u00e9l\u00e9ments r\u00e9fl\u00e9chissants compl\u00e8tent l&rsquo;\u00e9quipement de la veste cycliste softshell femme. Le label Green Shape de VAUDE garantit un produit \u00e9cologique, fonctionnel et fabriqu\u00e9 dans des mat\u00e9riaux durables.<\/p>\n<p><em>manches pr\u00e9form\u00e9es, 2 poches frontales avec fermeture \u00e9clair, zip frontal avec fold over, poignets \u00e9lastiques, cordon \u00e0 la ceinture r\u00e9glable par les poches, capuche mont\u00e9e, colourblock, \u00e9l\u00e9ments r\u00e9fl\u00e9chissants<\/em><\/p>","protected":false},"excerpt":{"rendered":"<p>Veste softshell cycliste polyvalente pour femme #enti\u00e8rement \u00e9tanche au vent #coupe sportive et confortable #tissu principal essentiellement fabriqu\u00e9 en polyester recycl\u00e9<\/p>","protected":false},"featured_media":24770,"comment_status":"closed","ping_status":"open","template":"","meta":[],"product_brand":[375],"product_cat":[213,709,216],"product_tag":[365,368,422,421],"class_list":["post-47335","product","type-product","status-publish","has-post-thumbnail","product_brand-vaude","product_cat-boutique","product_cat-veste","product_cat-vetements","product_tag-boutique","product_tag-vente","product_tag-vente-vetement","product_tag-vetement","pa_couleur-cassis-uni","pa_couleur-dark-sea","pa_couleur-deep-pond","pa_couleur-glowing-red","pa_taille-436","pa_taille-437","pa_taille-438","pa_taille-439","pa_taille-440","pa_taille-441","first","instock","purchasable","product-type-variable"],"_links":{"self":[{"href":"https:\/\/www.tracea.ch\/it\/wp-json\/wp\/v2\/product\/47335","targetHints":{"allow":["GET"]}}],"collection":[{"href":"https:\/\/www.tracea.ch\/it\/wp-json\/wp\/v2\/product"}],"about":[{"href":"https:\/\/www.tracea.ch\/it\/wp-json\/wp\/v2\/types\/product"}],"replies":[{"embeddable":true,"href":"https:\/\/www.tracea.ch\/it\/wp-json\/wp\/v2\/comments?post=47335"}],"version-history":[{"count":1,"href":"https:\/\/www.tracea.ch\/it\/wp-json\/wp\/v2\/product\/47335\/revisions"}],"predecessor-version":[{"id":47336,"href":"https:\/\/www.tracea.ch\/it\/wp-json\/wp\/v2\/product\/47335\/revisions\/47336"}],"wp:featuredmedia":[{"embeddable":true,"href":"https:\/\/www.tracea.ch\/it\/wp-json\/wp\/v2\/media\/24770"}],"wp:attachment":[{"href":"https:\/\/www.tracea.ch\/it\/wp-json\/wp\/v2\/media?parent=47335"}],"wp:term":[{"taxonomy":"product_brand","embeddable":true,"href":"https:\/\/www.tracea.ch\/it\/wp-json\/wp\/v2\/product_brand?post=47335"},{"taxonomy":"product_cat","embeddable":true,"href":"https:\/\/www.tracea.ch\/it\/wp-json\/wp\/v2\/product_cat?post=47335"},{"taxonomy":"product_tag","embeddable":true,"href":"https:\/\/www.tracea.ch\/it\/wp-json\/wp\/v2\/product_tag?post=47335"}],"curies":[{"name":"wp","href":"https:\/\/api.w.org\/{rel}","templated":true}]}}

https://www.tracea.ch/boutique/non%20classé/womens-qimsa-hooded-softshell-jacket/

<p>Cette veste softshell cycliste pour femme est polyvalente et coupe-vent. Pour repousser le vent, nous avons doté la veste softshell de poignets élastiques et la taille d&rsquo;un cordon de serrage. L&rsquo;ouverture de la capuche peut également s&rsquo;ajuster. Deux poches zippées permettent de ranger des affaires à l&rsquo;avant. Des manches préformées et des éléments réfléchissants complètent l&rsquo;équipement de la veste cycliste softshell femme. Le label Green Shape de VAUDE garantit un produit écologique, fonctionnel et fabriqué dans des matériaux durables.</p>
<p><em>manches préformées, 2 poches frontales avec fermeture éclair, zip frontal avec fold over, poignets élastiques, cordon à la ceinture réglable par les poches, capuche montée, colourblock, éléments réfléchissants</em></p>

<p>Veste softshell cycliste polyvalente pour femme #entièrement étanche au vent #coupe sportive et confortable #tissu principal essentiellement fabriqué en polyester recyclé</p>
