{"id":47369,"date":"2026-07-08T13:13:00","date_gmt":"2026-07-08T13:13:00","guid":{"rendered":"https:\/\/www.tracea.ch\/boutique\/non%20class\u00e9\/mens-rosemoor-padded-jacket-ii\/"},"modified":"2026-07-08T13:14:05","modified_gmt":"2026-07-08T13:14:05","slug":"mens-rosemoor-padded-jacket-ii","status":"publish","type":"product","link":"https:\/\/www.tracea.ch\/it\/boutique\/mens-rosemoor-padded-jacket-ii\/","title":{"rendered":"Men&rsquo;s Rosemoor Padded Jacket II"},"content":{"rendered":"<p>En qu\u00eate d&rsquo;une veste d&rsquo;hiver sans chichis\u00a0? La veste d&rsquo;hiver homme Rosemoor est faite pour vous. La veste est agr\u00e9able \u00e0 porter, bien chaude et imperm\u00e9able. Le rembourrage PrimaLoft\u00a9 emp\u00eache l&rsquo;intrusion du froid glacial dans la veste lors des jours hivernaux. Ceci fait de la veste d&rsquo;hiver homme une tenue essentielle pour tous ceux qui veulent se d\u00e9penser au-dehors toute l&rsquo;ann\u00e9e sans exception. Le label Green Shape de VAUDE garantit un produit \u00e9cologique, fonctionnel et fabriqu\u00e9 dans des mat\u00e9riaux durables.<\/p>\n<p><em>mati\u00e8re double \u00e9paisseur, capuche mont\u00e9e et r\u00e9glable en largeur, fermeture \u00e9clair avec rabat int\u00e9rieur et ext\u00e9rieur sur le devant, 2 poches frontales avec fermeture \u00e9clair, cordon \u00e0 la ceinture r\u00e9glable par les poches, poignets r\u00e9glables en largeur gr\u00e2ce \u00e0 un velcro, avec zip facilement r\u00e9parable<\/em><\/p>","protected":false},"excerpt":{"rendered":"<p>Veste d&rsquo;hiver homme chaude pour les sports outdoor et le quotidien #\u00e9tanche au vent et imperm\u00e9able #zip ais\u00e9ment r\u00e9parable #mati\u00e8re principale et matelassage fabriqu\u00e9s en polyester recycl\u00e9<\/p>","protected":false},"featured_media":24863,"comment_status":"closed","ping_status":"open","template":"","meta":[],"product_brand":[375],"product_cat":[213,709,216],"product_tag":[365,368,422,421],"class_list":["post-47369","product","type-product","status-publish","has-post-thumbnail","product_brand-vaude","product_cat-boutique","product_cat-veste","product_cat-vetements","product_tag-boutique","product_tag-vente","product_tag-vente-vetement","product_tag-vetement","pa_couleur-baltic-sea","pa_couleur-black","pa_couleur-khaki","pa_couleur-tobacco","pa_taille-l","pa_taille-m","pa_taille-s","pa_taille-xl","pa_taille-xxl","pa_taille-xxxl","pa_taille-xxxxl","first","instock","purchasable","product-type-variable"],"_links":{"self":[{"href":"https:\/\/www.tracea.ch\/it\/wp-json\/wp\/v2\/product\/47369","targetHints":{"allow":["GET"]}}],"collection":[{"href":"https:\/\/www.tracea.ch\/it\/wp-json\/wp\/v2\/product"}],"about":[{"href":"https:\/\/www.tracea.ch\/it\/wp-json\/wp\/v2\/types\/product"}],"replies":[{"embeddable":true,"href":"https:\/\/www.tracea.ch\/it\/wp-json\/wp\/v2\/comments?post=47369"}],"version-history":[{"count":1,"href":"https:\/\/www.tracea.ch\/it\/wp-json\/wp\/v2\/product\/47369\/revisions"}],"predecessor-version":[{"id":47370,"href":"https:\/\/www.tracea.ch\/it\/wp-json\/wp\/v2\/product\/47369\/revisions\/47370"}],"wp:featuredmedia":[{"embeddable":true,"href":"https:\/\/www.tracea.ch\/it\/wp-json\/wp\/v2\/media\/24863"}],"wp:attachment":[{"href":"https:\/\/www.tracea.ch\/it\/wp-json\/wp\/v2\/media?parent=47369"}],"wp:term":[{"taxonomy":"product_brand","embeddable":true,"href":"https:\/\/www.tracea.ch\/it\/wp-json\/wp\/v2\/product_brand?post=47369"},{"taxonomy":"product_cat","embeddable":true,"href":"https:\/\/www.tracea.ch\/it\/wp-json\/wp\/v2\/product_cat?post=47369"},{"taxonomy":"product_tag","embeddable":true,"href":"https:\/\/www.tracea.ch\/it\/wp-json\/wp\/v2\/product_tag?post=47369"}],"curies":[{"name":"wp","href":"https:\/\/api.w.org\/{rel}","templated":true}]}}

https://www.tracea.ch/boutique/non%20classé/mens-rosemoor-padded-jacket-ii/

<p>En quête d&rsquo;une veste d&rsquo;hiver sans chichis ? La veste d&rsquo;hiver homme Rosemoor est faite pour vous. La veste est agréable à porter, bien chaude et imperméable. Le rembourrage PrimaLoft© empêche l&rsquo;intrusion du froid glacial dans la veste lors des jours hivernaux. Ceci fait de la veste d&rsquo;hiver homme une tenue essentielle pour tous ceux qui veulent se dépenser au-dehors toute l&rsquo;année sans exception. Le label Green Shape de VAUDE garantit un produit écologique, fonctionnel et fabriqué dans des matériaux durables.</p>
<p><em>matière double épaisseur, capuche montée et réglable en largeur, fermeture éclair avec rabat intérieur et extérieur sur le devant, 2 poches frontales avec fermeture éclair, cordon à la ceinture réglable par les poches, poignets réglables en largeur grâce à un velcro, avec zip facilement réparable</em></p>

<p>Veste d&rsquo;hiver homme chaude pour les sports outdoor et le quotidien #étanche au vent et imperméable #zip aisément réparable #matière principale et matelassage fabriqués en polyester recyclé</p>
