{"id":47402,"date":"2026-07-08T13:14:04","date_gmt":"2026-07-08T13:14:04","guid":{"rendered":"https:\/\/www.tracea.ch\/boutique\/non%20class\u00e9\/mens-neyland-hooded-insulation-jacket\/"},"modified":"2026-07-08T13:15:05","modified_gmt":"2026-07-08T13:15:05","slug":"mens-neyland-hooded-insulation-jacket","status":"publish","type":"product","link":"https:\/\/www.tracea.ch\/it\/boutique\/mens-neyland-hooded-insulation-jacket\/","title":{"rendered":"Men&rsquo;s Neyland Hooded Insulation Jacket"},"content":{"rendered":"<p>La veste isolante Neyland pour homme se montre intraitable avec le froid. La veste offre une chaleur moelleuse gr\u00e2ce \u00e0 son matelassage bouffant PrimaLoft\u00ae Rise, qui repousse efficacement le froid sur la luge, en randonn\u00e9e \u00e0 pied ou \u00e0 ski. Elle est \u00e9galement respirante et \u00e9vacue l&rsquo;humidit\u00e9 lors des ascensions physiques. \u00c0 la diff\u00e9rence d&rsquo;un duvet, le matelassage synth\u00e9tique fonctionnel est insensible \u00e0 l&rsquo;humidit\u00e9. La veste est \u00e9galement facile \u00e0 entretenir car le rembourrage s\u00e8che deux fois plus rapidement que le duvet. Les bordures semi-\u00e9lastiques aux manches et \u00e0 la ceinture ainsi qu&rsquo;une bordure r\u00e9glable \u00e0 la taille repoussent le vent et le froid. La capuche et le col haut de la veste isolante homme offrent une protection suppl\u00e9mentaire par temps de temp\u00eate froid en automne et en hiver. Les deux poches frontales sont \u00e9galement pratiques pour ranger un smartphone ou se r\u00e9chauffer les mains. La veste isolante pour homme se fait toute petite dans sa poche int\u00e9rieure pour trouver de la place dans le sac \u00e0 dos de randonn\u00e9e ou de travail. Outre son lot de fonctionnalit\u00e9s, la veste se pr\u00e9sente dans un beau design moderne et sobre pour faire belle impression au quotidien, et convient tant pour une escapade en ville que pour la visite du march\u00e9 de No\u00ebl. La veste isolante Neyland est ainsi v\u00e9ritablement multiusage. Il est dot\u00e9 de la finition d\u00e9perlante et antisalissures Eco Finish sans PFC. Le label Green Shape de VAUDE garantit un produit \u00e9cologique, fonctionnel et fabriqu\u00e9 dans des mat\u00e9riaux durables certifi\u00e9s bluesign\u00ae.<\/p>\n<p><em>ouat\u00e9, capuche mont\u00e9e, zip frontal avec rabat int\u00e9rieur, 2 poches frontales dissimul\u00e9es avec zip, 1poche int\u00e9rieure, poignets \u00e9lastiques, cordon \u00e0 la ceinture avec syst\u00e8me de r\u00e9glage \u00e0 une main<\/em><\/p>","protected":false},"excerpt":{"rendered":"<p>Veste isolante volumineuse pour homme, prenant part au concept d&rsquo;\u00e9conomie circulaire VAUDE #matelassage a\u00e9rien et chaud #moderne et l\u00e9ger #mati\u00e8re principale et doublure fabriqu\u00e9es \u00e0 100&nbsp;% en polyester recycl\u00e9<\/p>","protected":false},"featured_media":24871,"comment_status":"closed","ping_status":"open","template":"","meta":[],"product_brand":[375],"product_cat":[213,709,216],"product_tag":[365,368,422,421],"class_list":["post-47402","product","type-product","status-publish","has-post-thumbnail","product_brand-vaude","product_cat-boutique","product_cat-veste","product_cat-vetements","product_tag-boutique","product_tag-vente","product_tag-vente-vetement","product_tag-vetement","pa_couleur-baltic-sea","pa_couleur-black","pa_couleur-khaki","pa_couleur-savanna","pa_taille-l","pa_taille-m","pa_taille-s","pa_taille-xl","pa_taille-xxl","pa_taille-xxxl","first","instock","purchasable","product-type-variable"],"_links":{"self":[{"href":"https:\/\/www.tracea.ch\/it\/wp-json\/wp\/v2\/product\/47402","targetHints":{"allow":["GET"]}}],"collection":[{"href":"https:\/\/www.tracea.ch\/it\/wp-json\/wp\/v2\/product"}],"about":[{"href":"https:\/\/www.tracea.ch\/it\/wp-json\/wp\/v2\/types\/product"}],"replies":[{"embeddable":true,"href":"https:\/\/www.tracea.ch\/it\/wp-json\/wp\/v2\/comments?post=47402"}],"version-history":[{"count":1,"href":"https:\/\/www.tracea.ch\/it\/wp-json\/wp\/v2\/product\/47402\/revisions"}],"predecessor-version":[{"id":47403,"href":"https:\/\/www.tracea.ch\/it\/wp-json\/wp\/v2\/product\/47402\/revisions\/47403"}],"wp:featuredmedia":[{"embeddable":true,"href":"https:\/\/www.tracea.ch\/it\/wp-json\/wp\/v2\/media\/24871"}],"wp:attachment":[{"href":"https:\/\/www.tracea.ch\/it\/wp-json\/wp\/v2\/media?parent=47402"}],"wp:term":[{"taxonomy":"product_brand","embeddable":true,"href":"https:\/\/www.tracea.ch\/it\/wp-json\/wp\/v2\/product_brand?post=47402"},{"taxonomy":"product_cat","embeddable":true,"href":"https:\/\/www.tracea.ch\/it\/wp-json\/wp\/v2\/product_cat?post=47402"},{"taxonomy":"product_tag","embeddable":true,"href":"https:\/\/www.tracea.ch\/it\/wp-json\/wp\/v2\/product_tag?post=47402"}],"curies":[{"name":"wp","href":"https:\/\/api.w.org\/{rel}","templated":true}]}}

https://www.tracea.ch/boutique/non%20classé/mens-neyland-hooded-insulation-jacket/

<p>La veste isolante Neyland pour homme se montre intraitable avec le froid. La veste offre une chaleur moelleuse grâce à son matelassage bouffant PrimaLoft® Rise, qui repousse efficacement le froid sur la luge, en randonnée à pied ou à ski. Elle est également respirante et évacue l&rsquo;humidité lors des ascensions physiques. À la différence d&rsquo;un duvet, le matelassage synthétique fonctionnel est insensible à l&rsquo;humidité. La veste est également facile à entretenir car le rembourrage sèche deux fois plus rapidement que le duvet. Les bordures semi-élastiques aux manches et à la ceinture ainsi qu&rsquo;une bordure réglable à la taille repoussent le vent et le froid. La capuche et le col haut de la veste isolante homme offrent une protection supplémentaire par temps de tempête froid en automne et en hiver. Les deux poches frontales sont également pratiques pour ranger un smartphone ou se réchauffer les mains. La veste isolante pour homme se fait toute petite dans sa poche intérieure pour trouver de la place dans le sac à dos de randonnée ou de travail. Outre son lot de fonctionnalités, la veste se présente dans un beau design moderne et sobre pour faire belle impression au quotidien, et convient tant pour une escapade en ville que pour la visite du marché de Noël. La veste isolante Neyland est ainsi véritablement multiusage. Il est doté de la finition déperlante et antisalissures Eco Finish sans PFC. Le label Green Shape de VAUDE garantit un produit écologique, fonctionnel et fabriqué dans des matériaux durables certifiés bluesign®.</p>
<p><em>ouaté, capuche montée, zip frontal avec rabat intérieur, 2 poches frontales dissimulées avec zip, 1poche intérieure, poignets élastiques, cordon à la ceinture avec système de réglage à une main</em></p>

<p>Veste isolante volumineuse pour homme, prenant part au concept d&rsquo;économie circulaire VAUDE #matelassage aérien et chaud #moderne et léger #matière principale et doublure fabriquées à 100&nbsp;% en polyester recyclé</p>
