{"id":47538,"date":"2026-07-08T13:18:25","date_gmt":"2026-07-08T13:18:25","guid":{"rendered":"https:\/\/www.tracea.ch\/boutique\/non%20class\u00e9\/womens-manukau-fleece-jacket-ii\/"},"modified":"2026-07-08T13:19:17","modified_gmt":"2026-07-08T13:19:17","slug":"womens-manukau-fleece-jacket-ii","status":"publish","type":"product","link":"https:\/\/www.tracea.ch\/it\/boutique\/womens-manukau-fleece-jacket-ii\/","title":{"rendered":"Women&rsquo;s Manukau Fleece Jacket II"},"content":{"rendered":"<p>La veste polaire femme Manukau II se porte sens dessus-dessous pour dispenser une chaleur douillette tout en \u00e9tant agr\u00e9ablement l\u00e9g\u00e8re. Cette veste \u00e0 capuche tendance au look ourson est notre article pr\u00e9f\u00e9r\u00e9, car sa polaire \u00e9paisse est tout simplement ultra douillette. La capuche douce est munie d&rsquo;un cordon de serrage pour le r\u00e9glage de l&rsquo;ouverture et les poches en biais zipp\u00e9es r\u00e9chauffent les doigts engourdis tout en conservant de petites affaires. La mati\u00e8re Highloft de la veste polaire femme est facile \u00e0 entretenir et de grande long\u00e9vit\u00e9. Le label Green Shape de VAUDE garantit un produit \u00e9cologique, fonctionnel et fabriqu\u00e9 dans des mat\u00e9riaux durables. En tant que membre Leader de l&rsquo;organisme ind\u00e9pendant Fair Wear, VAUDE s&rsquo;engage en faveur de conditions de travail et de salaires \u00e9quitables.<\/p>\n<p><em>capuche mont\u00e9e et r\u00e9glable en largeur, zip frontal avec rabat int\u00e9rieur, 2 poches frontales avec fermeture \u00e9clair, coutures flatlock, fine bordure aux poignets et \u00e0 la ceinture<\/em><\/p>","protected":false},"excerpt":{"rendered":"<p>Veste polaire chaude et urbaine femme au look ourson #pour la mi-saison #douce, confortable et facile d&rsquo;entretien #en polyester 100&nbsp;% recycl\u00e9<\/p>","protected":false},"featured_media":24931,"comment_status":"closed","ping_status":"open","template":"","meta":[],"product_brand":[375],"product_cat":[213,709,216],"product_tag":[365,368,422,421],"class_list":["post-47538","product","type-product","status-publish","has-post-thumbnail","product_brand-vaude","product_cat-boutique","product_cat-veste","product_cat-vetements","product_tag-boutique","product_tag-vente","product_tag-vente-vetement","product_tag-vetement","pa_couleur-agave","pa_couleur-ecru","pa_couleur-phantom-black","pa_taille-436","pa_taille-437","pa_taille-438","pa_taille-439","pa_taille-440","pa_taille-441","first","instock","purchasable","product-type-variable"],"_links":{"self":[{"href":"https:\/\/www.tracea.ch\/it\/wp-json\/wp\/v2\/product\/47538","targetHints":{"allow":["GET"]}}],"collection":[{"href":"https:\/\/www.tracea.ch\/it\/wp-json\/wp\/v2\/product"}],"about":[{"href":"https:\/\/www.tracea.ch\/it\/wp-json\/wp\/v2\/types\/product"}],"replies":[{"embeddable":true,"href":"https:\/\/www.tracea.ch\/it\/wp-json\/wp\/v2\/comments?post=47538"}],"version-history":[{"count":1,"href":"https:\/\/www.tracea.ch\/it\/wp-json\/wp\/v2\/product\/47538\/revisions"}],"predecessor-version":[{"id":47539,"href":"https:\/\/www.tracea.ch\/it\/wp-json\/wp\/v2\/product\/47538\/revisions\/47539"}],"wp:featuredmedia":[{"embeddable":true,"href":"https:\/\/www.tracea.ch\/it\/wp-json\/wp\/v2\/media\/24931"}],"wp:attachment":[{"href":"https:\/\/www.tracea.ch\/it\/wp-json\/wp\/v2\/media?parent=47538"}],"wp:term":[{"taxonomy":"product_brand","embeddable":true,"href":"https:\/\/www.tracea.ch\/it\/wp-json\/wp\/v2\/product_brand?post=47538"},{"taxonomy":"product_cat","embeddable":true,"href":"https:\/\/www.tracea.ch\/it\/wp-json\/wp\/v2\/product_cat?post=47538"},{"taxonomy":"product_tag","embeddable":true,"href":"https:\/\/www.tracea.ch\/it\/wp-json\/wp\/v2\/product_tag?post=47538"}],"curies":[{"name":"wp","href":"https:\/\/api.w.org\/{rel}","templated":true}]}}

https://www.tracea.ch/boutique/non%20classé/womens-manukau-fleece-jacket-ii/

<p>La veste polaire femme Manukau II se porte sens dessus-dessous pour dispenser une chaleur douillette tout en étant agréablement légère. Cette veste à capuche tendance au look ourson est notre article préféré, car sa polaire épaisse est tout simplement ultra douillette. La capuche douce est munie d&rsquo;un cordon de serrage pour le réglage de l&rsquo;ouverture et les poches en biais zippées réchauffent les doigts engourdis tout en conservant de petites affaires. La matière Highloft de la veste polaire femme est facile à entretenir et de grande longévité. Le label Green Shape de VAUDE garantit un produit écologique, fonctionnel et fabriqué dans des matériaux durables. En tant que membre Leader de l&rsquo;organisme indépendant Fair Wear, VAUDE s&rsquo;engage en faveur de conditions de travail et de salaires équitables.</p>
<p><em>capuche montée et réglable en largeur, zip frontal avec rabat intérieur, 2 poches frontales avec fermeture éclair, coutures flatlock, fine bordure aux poignets et à la ceinture</em></p>

<p>Veste polaire chaude et urbaine femme au look ourson #pour la mi-saison #douce, confortable et facile d&rsquo;entretien #en polyester 100&nbsp;% recyclé</p>
