{"id":47736,"date":"2026-07-08T13:23:53","date_gmt":"2026-07-08T13:23:53","guid":{"rendered":"https:\/\/www.tracea.ch\/boutique\/non%20class\u00e9\/kids-manukau-fleece-jkt-ii\/"},"modified":"2026-07-08T13:24:24","modified_gmt":"2026-07-08T13:24:24","slug":"kids-manukau-fleece-jkt-ii","status":"publish","type":"product","link":"https:\/\/www.tracea.ch\/it\/boutique\/kids-manukau-fleece-jkt-ii\/","title":{"rendered":"Kids Manukau Fleece Jkt II"},"content":{"rendered":"<p>Veste polaire en look ourson pour les bisounours\u00a0: la veste polaire enfant douillette Manukau est fabriqu\u00e9e en polaire Highloft \u00e9cologique et tient les petites tornades bien au chaud. Le col haut et doux ainsi que les bordures c\u00f4tel\u00e9es larges de la veste polaire enfant prot\u00e8gent du vent froid. Les doigts engourdis se r\u00e9chauffent rapidement dans les grandes poches kangourou. La mati\u00e8re polaire facile d&rsquo;entretien est certifi\u00e9e bluesign\u00a9 et convient \u00e0 la peau tr\u00e8s sensible des enfants. Le label Green Shape de VAUDE garantit un produit \u00e9cologique, fonctionnel et fabriqu\u00e9 dans des mat\u00e9riaux durables.<\/p>\n<p><em>coupe couvrant les \u00e9paules, 2 poches sur le devant, Rabat int\u00e9rieur avec prot\u00e8ge-menton dans le col, col montant mont\u00e9, \u00e9tiquette pour le nom jusqu&rsquo;\u00e0 la taille 122\/128<\/em><\/p>","protected":false},"excerpt":{"rendered":"<p>Veste polaire douillette enfant au look ourson #avec col haut et poches kangourou #larges bordures c\u00f4tel\u00e9es #mati\u00e8re principale fabriqu\u00e9e en polyester 100&nbsp;% recycl\u00e9<\/p>","protected":false},"featured_media":25090,"comment_status":"closed","ping_status":"open","template":"","meta":[],"product_brand":[375],"product_cat":[213,709,216],"product_tag":[365,368,422,421],"class_list":["post-47736","product","type-product","status-publish","has-post-thumbnail","product_brand-vaude","product_cat-boutique","product_cat-veste","product_cat-vetements","product_tag-boutique","product_tag-vente","product_tag-vente-vetement","product_tag-vetement","pa_couleur-dark-sea","pa_couleur-linen","pa_couleur-silt-brown","pa_taille-424","pa_taille-110-116","pa_taille-122-128","pa_taille-134-140","pa_taille-146-152","pa_taille-158-164","pa_taille-423","first","instock","purchasable","product-type-variable"],"_links":{"self":[{"href":"https:\/\/www.tracea.ch\/it\/wp-json\/wp\/v2\/product\/47736","targetHints":{"allow":["GET"]}}],"collection":[{"href":"https:\/\/www.tracea.ch\/it\/wp-json\/wp\/v2\/product"}],"about":[{"href":"https:\/\/www.tracea.ch\/it\/wp-json\/wp\/v2\/types\/product"}],"replies":[{"embeddable":true,"href":"https:\/\/www.tracea.ch\/it\/wp-json\/wp\/v2\/comments?post=47736"}],"version-history":[{"count":1,"href":"https:\/\/www.tracea.ch\/it\/wp-json\/wp\/v2\/product\/47736\/revisions"}],"predecessor-version":[{"id":47737,"href":"https:\/\/www.tracea.ch\/it\/wp-json\/wp\/v2\/product\/47736\/revisions\/47737"}],"wp:featuredmedia":[{"embeddable":true,"href":"https:\/\/www.tracea.ch\/it\/wp-json\/wp\/v2\/media\/25090"}],"wp:attachment":[{"href":"https:\/\/www.tracea.ch\/it\/wp-json\/wp\/v2\/media?parent=47736"}],"wp:term":[{"taxonomy":"product_brand","embeddable":true,"href":"https:\/\/www.tracea.ch\/it\/wp-json\/wp\/v2\/product_brand?post=47736"},{"taxonomy":"product_cat","embeddable":true,"href":"https:\/\/www.tracea.ch\/it\/wp-json\/wp\/v2\/product_cat?post=47736"},{"taxonomy":"product_tag","embeddable":true,"href":"https:\/\/www.tracea.ch\/it\/wp-json\/wp\/v2\/product_tag?post=47736"}],"curies":[{"name":"wp","href":"https:\/\/api.w.org\/{rel}","templated":true}]}}

https://www.tracea.ch/boutique/non%20classé/kids-manukau-fleece-jkt-ii/

<p>Veste polaire en look ourson pour les bisounours : la veste polaire enfant douillette Manukau est fabriquée en polaire Highloft écologique et tient les petites tornades bien au chaud. Le col haut et doux ainsi que les bordures côtelées larges de la veste polaire enfant protègent du vent froid. Les doigts engourdis se réchauffent rapidement dans les grandes poches kangourou. La matière polaire facile d&rsquo;entretien est certifiée bluesign© et convient à la peau très sensible des enfants. Le label Green Shape de VAUDE garantit un produit écologique, fonctionnel et fabriqué dans des matériaux durables.</p>
<p><em>coupe couvrant les épaules, 2 poches sur le devant, Rabat intérieur avec protège-menton dans le col, col montant monté, étiquette pour le nom jusqu&rsquo;à la taille 122/128</em></p>

<p>Veste polaire douillette enfant au look ourson #avec col haut et poches kangourou #larges bordures côtelées #matière principale fabriquée en polyester 100&nbsp;% recyclé</p>
