{"id":47904,"date":"2026-07-08T13:29:11","date_gmt":"2026-07-08T13:29:11","guid":{"rendered":"https:\/\/www.tracea.ch\/boutique\/non%20class\u00e9\/womens-toutes-saisons-elope-softshell-jacket-ii\/"},"modified":"2026-07-08T13:31:34","modified_gmt":"2026-07-08T13:31:34","slug":"womens-toutes-saisons-elope-softshell-jacket-ii","status":"publish","type":"product","link":"https:\/\/www.tracea.ch\/it\/boutique\/womens-toutes-saisons-elope-softshell-jacket-ii\/","title":{"rendered":"Women&rsquo;s Toutes saisons Elope Softshell Jacket II"},"content":{"rendered":"<p>La veste softshell Elope II pour femme s&rsquo;adresse aux alpinistes ambitieuses qui sillonnent la montagne \u00e0 toutes les saisons. La mati\u00e8re douce et \u00e9lastique avec membrane repousse le vent efficacement et prot\u00e8ge ainsi des rafales de vent au sommet. Dans le m\u00eame temps, la veste softshell femme peut se porter comme couche thermique lors des soir\u00e9es d&rsquo;\u00e9t\u00e9 fraiches. La mati\u00e8re ultrarespirante \u00e9vacue efficacement l&rsquo;humidit\u00e9 vers l&rsquo;ext\u00e9rieur. Des zips sous les bras et le zip bidirectionnel offrent une a\u00e9ration suppl\u00e9mentaire et une r\u00e9gulation thermique individuelle, m\u00eame sur les parcours montagneux physiquement intenses. La capuche \u00e9pousant bien la t\u00eate offre une possibilit\u00e9 de r\u00e9glage suppl\u00e9mentaire afin de mieux prot\u00e9ger la t\u00eate et les oreilles du vent. Les poignets et la ceinture sont r\u00e9glables en largeur et deux poches avant ainsi qu&rsquo;une poche poitrine offrent un bel espace de rangement. Le tissu ext\u00e9rieur de la veste softshell Elope pour femme est appr\u00eat\u00e9 avec la finition d\u00e9perlante et antisalissures Eco Finish sans PFC. Le label Green Shape de VAUDE garantit un produit \u00e9cologique, fonctionnel et fabriqu\u00e9 dans des mat\u00e9riaux durables.<\/p>\n<p><em>100% Windproof, capuche mont\u00e9e et r\u00e9glable en largeur, zip frontal double-sens avec rabat, 1 poche poitrine avec zipp\u00e9e, 2 poches frontales avec fermeture \u00e9clair, ventilation avec zip sous les bras, cordon \u00e0 la ceinture avec syst\u00e8me de r\u00e9glage \u00e0 une main, manches pr\u00e9form\u00e9es, poignets r\u00e9glables, int\u00e9rieur en mati\u00e8re gratt\u00e9e<\/em><\/p>","protected":false},"excerpt":{"rendered":"<p>Veste softshell \u00e9lastique et sportive femme pour la randonn\u00e9e et le trekking #\u00e9tanche au vent, respirante et d\u00e9perlante #zips de ventilation #mati\u00e8re principale essentiellement fabriqu\u00e9e en polyester recycl\u00e9<\/p>","protected":false},"featured_media":25261,"comment_status":"closed","ping_status":"open","template":"","meta":[],"product_brand":[375],"product_cat":[213,709,216],"product_tag":[365,368,422,421],"class_list":["post-47904","product","type-product","status-publish","has-post-thumbnail","product_brand-vaude","product_cat-boutique","product_cat-veste","product_cat-vetements","product_tag-boutique","product_tag-vente","product_tag-vente-vetement","product_tag-vetement","pa_couleur-agave","pa_couleur-black","pa_couleur-dark-oak","pa_couleur-dark-sea","pa_couleur-phantom-black","pa_couleur-pink-orchid","pa_couleur-shore-blue","pa_taille-466","pa_taille-436","pa_taille-437","pa_taille-438","pa_taille-439","pa_taille-440","pa_taille-441","pa_taille-459","first","instock","purchasable","product-type-variable"],"_links":{"self":[{"href":"https:\/\/www.tracea.ch\/it\/wp-json\/wp\/v2\/product\/47904","targetHints":{"allow":["GET"]}}],"collection":[{"href":"https:\/\/www.tracea.ch\/it\/wp-json\/wp\/v2\/product"}],"about":[{"href":"https:\/\/www.tracea.ch\/it\/wp-json\/wp\/v2\/types\/product"}],"replies":[{"embeddable":true,"href":"https:\/\/www.tracea.ch\/it\/wp-json\/wp\/v2\/comments?post=47904"}],"version-history":[{"count":1,"href":"https:\/\/www.tracea.ch\/it\/wp-json\/wp\/v2\/product\/47904\/revisions"}],"predecessor-version":[{"id":47905,"href":"https:\/\/www.tracea.ch\/it\/wp-json\/wp\/v2\/product\/47904\/revisions\/47905"}],"wp:featuredmedia":[{"embeddable":true,"href":"https:\/\/www.tracea.ch\/it\/wp-json\/wp\/v2\/media\/25261"}],"wp:attachment":[{"href":"https:\/\/www.tracea.ch\/it\/wp-json\/wp\/v2\/media?parent=47904"}],"wp:term":[{"taxonomy":"product_brand","embeddable":true,"href":"https:\/\/www.tracea.ch\/it\/wp-json\/wp\/v2\/product_brand?post=47904"},{"taxonomy":"product_cat","embeddable":true,"href":"https:\/\/www.tracea.ch\/it\/wp-json\/wp\/v2\/product_cat?post=47904"},{"taxonomy":"product_tag","embeddable":true,"href":"https:\/\/www.tracea.ch\/it\/wp-json\/wp\/v2\/product_tag?post=47904"}],"curies":[{"name":"wp","href":"https:\/\/api.w.org\/{rel}","templated":true}]}}

https://www.tracea.ch/boutique/non%20classé/womens-toutes-saisons-elope-softshell-jacket-ii/

<p>La veste softshell Elope II pour femme s&rsquo;adresse aux alpinistes ambitieuses qui sillonnent la montagne à toutes les saisons. La matière douce et élastique avec membrane repousse le vent efficacement et protège ainsi des rafales de vent au sommet. Dans le même temps, la veste softshell femme peut se porter comme couche thermique lors des soirées d&rsquo;été fraiches. La matière ultrarespirante évacue efficacement l&rsquo;humidité vers l&rsquo;extérieur. Des zips sous les bras et le zip bidirectionnel offrent une aération supplémentaire et une régulation thermique individuelle, même sur les parcours montagneux physiquement intenses. La capuche épousant bien la tête offre une possibilité de réglage supplémentaire afin de mieux protéger la tête et les oreilles du vent. Les poignets et la ceinture sont réglables en largeur et deux poches avant ainsi qu&rsquo;une poche poitrine offrent un bel espace de rangement. Le tissu extérieur de la veste softshell Elope pour femme est apprêté avec la finition déperlante et antisalissures Eco Finish sans PFC. Le label Green Shape de VAUDE garantit un produit écologique, fonctionnel et fabriqué dans des matériaux durables.</p>
<p><em>100% Windproof, capuche montée et réglable en largeur, zip frontal double-sens avec rabat, 1 poche poitrine avec zippée, 2 poches frontales avec fermeture éclair, ventilation avec zip sous les bras, cordon à la ceinture avec système de réglage à une main, manches préformées, poignets réglables, intérieur en matière grattée</em></p>

<p>Veste softshell élastique et sportive femme pour la randonnée et le trekking #étanche au vent, respirante et déperlante #zips de ventilation #matière principale essentiellement fabriquée en polyester recyclé</p>
