{"id":49852,"date":"2026-07-08T14:29:34","date_gmt":"2026-07-08T14:29:34","guid":{"rendered":"https:\/\/www.tracea.ch\/boutique\/non%20class\u00e9\/womens-everhike-softshell-jacket\/"},"modified":"2026-07-08T14:30:31","modified_gmt":"2026-07-08T14:30:31","slug":"womens-everhike-softshell-jacket","status":"publish","type":"product","link":"https:\/\/www.tracea.ch\/it\/boutique\/womens-everhike-softshell-jacket\/","title":{"rendered":"Women&rsquo;s Everhike Softshell Jacket"},"content":{"rendered":"<p>La veste softshell Everhike pour femmes est un v\u00e9ritable multitalent et un compagnon fiable pour les sports de montagne. Cette veste \u00e0 col montant prot\u00e8ge efficacement du vent &#8211; id\u00e9ale pour les randonn\u00e9es et comme couche suppl\u00e9mentaire au sommet. Son plus grand atout est le nouveau mat\u00e9riau softshell \u00e9lastique qui offre une libert\u00e9 de mouvement maximale et s&rsquo;adapte \u00e0 tous les mouvements. Gr\u00e2ce \u00e0 la structure l\u00e9g\u00e8re en mesh \u00e0 l&rsquo;int\u00e9rieur, le mat\u00e9riau respirant absorbe efficacement l&rsquo;humidit\u00e9 et l&rsquo;\u00e9vacue vers l&rsquo;ext\u00e9rieur. Ainsi, la veste reste agr\u00e9able \u00e0 porter m\u00eame lorsqu&rsquo;il fait chaud, que ce soit sur des t-shirts \u00e0 manches longues ou courtes. Les deux poches zipp\u00e9es, les poignets et l&rsquo;ourlet r\u00e9glables compl\u00e8tent cet \u00e9quipement int\u00e9gral. Pour tous ceux qui attachent de l&rsquo;importance \u00e0 une mobilit\u00e9 illimit\u00e9e et \u00e0 un grand confort, la veste softshell Everhike est un essentiel indispensable &#8211; aussi bien pour les aventures en plein air que pour le quotidien. Le tissu ext\u00e9rieur de la veste softshell Everhike pour femmes est trait\u00e9 avec Eco Finish pour r\u00e9sister \u00e0 l&rsquo;eau et aux salissures. VAUDE renonce aux fluorocarbones, des produits chimiques appel\u00e9s PFAS ou PFC, qui sont soup\u00e7onn\u00e9s d&rsquo;\u00eatre nocifs pour la sant\u00e9. Le label Green Shape de VAUDE garantit un produit \u00e9cologique, fonctionnel et fabriqu\u00e9 dans des mat\u00e9riaux durables.<\/p>\n<p><em>softshell herm\u00e9tique au vent, zip frontal avec rabat int\u00e9rieur, col montant, 2 poches frontales avec fermeture \u00e9clair, cordon \u00e0 la ceinture r\u00e9glable par les poches, poignets r\u00e9glables en largeur gr\u00e2ce \u00e0 un velcro<\/em><\/p>","protected":false},"excerpt":{"rendered":"<p>Veste softshell multifonction femme pour le sport outdoor #mati\u00e8re tr\u00e8s confortable et \u00e9lastique #\u00e9tanche au vent, d\u00e9perlante et respirante #mati\u00e8re principale essentiellement fabriqu\u00e9e en polyester recycl\u00e9<\/p>","protected":false},"featured_media":43041,"comment_status":"closed","ping_status":"open","template":"","meta":[],"product_brand":[375],"product_cat":[213,709,216],"product_tag":[365,368,422,421],"class_list":["post-49852","product","type-product","status-publish","has-post-thumbnail","product_brand-vaude","product_cat-boutique","product_cat-veste","product_cat-vetements","product_tag-boutique","product_tag-vente","product_tag-vente-vetement","product_tag-vetement","pa_couleur-agave","pa_couleur-black","pa_couleur-shore-blue","pa_taille-466","pa_taille-436","pa_taille-437","pa_taille-438","pa_taille-439","pa_taille-440","pa_taille-441","pa_taille-459","first","instock","purchasable","product-type-variable"],"_links":{"self":[{"href":"https:\/\/www.tracea.ch\/it\/wp-json\/wp\/v2\/product\/49852","targetHints":{"allow":["GET"]}}],"collection":[{"href":"https:\/\/www.tracea.ch\/it\/wp-json\/wp\/v2\/product"}],"about":[{"href":"https:\/\/www.tracea.ch\/it\/wp-json\/wp\/v2\/types\/product"}],"replies":[{"embeddable":true,"href":"https:\/\/www.tracea.ch\/it\/wp-json\/wp\/v2\/comments?post=49852"}],"version-history":[{"count":1,"href":"https:\/\/www.tracea.ch\/it\/wp-json\/wp\/v2\/product\/49852\/revisions"}],"predecessor-version":[{"id":49853,"href":"https:\/\/www.tracea.ch\/it\/wp-json\/wp\/v2\/product\/49852\/revisions\/49853"}],"wp:featuredmedia":[{"embeddable":true,"href":"https:\/\/www.tracea.ch\/it\/wp-json\/wp\/v2\/media\/43041"}],"wp:attachment":[{"href":"https:\/\/www.tracea.ch\/it\/wp-json\/wp\/v2\/media?parent=49852"}],"wp:term":[{"taxonomy":"product_brand","embeddable":true,"href":"https:\/\/www.tracea.ch\/it\/wp-json\/wp\/v2\/product_brand?post=49852"},{"taxonomy":"product_cat","embeddable":true,"href":"https:\/\/www.tracea.ch\/it\/wp-json\/wp\/v2\/product_cat?post=49852"},{"taxonomy":"product_tag","embeddable":true,"href":"https:\/\/www.tracea.ch\/it\/wp-json\/wp\/v2\/product_tag?post=49852"}],"curies":[{"name":"wp","href":"https:\/\/api.w.org\/{rel}","templated":true}]}}

https://www.tracea.ch/boutique/non%20classé/womens-everhike-softshell-jacket/

<p>La veste softshell Everhike pour femmes est un véritable multitalent et un compagnon fiable pour les sports de montagne. Cette veste à col montant protège efficacement du vent &#8211; idéale pour les randonnées et comme couche supplémentaire au sommet. Son plus grand atout est le nouveau matériau softshell élastique qui offre une liberté de mouvement maximale et s&rsquo;adapte à tous les mouvements. Grâce à la structure légère en mesh à l&rsquo;intérieur, le matériau respirant absorbe efficacement l&rsquo;humidité et l&rsquo;évacue vers l&rsquo;extérieur. Ainsi, la veste reste agréable à porter même lorsqu&rsquo;il fait chaud, que ce soit sur des t-shirts à manches longues ou courtes. Les deux poches zippées, les poignets et l&rsquo;ourlet réglables complètent cet équipement intégral. Pour tous ceux qui attachent de l&rsquo;importance à une mobilité illimitée et à un grand confort, la veste softshell Everhike est un essentiel indispensable &#8211; aussi bien pour les aventures en plein air que pour le quotidien. Le tissu extérieur de la veste softshell Everhike pour femmes est traité avec Eco Finish pour résister à l&rsquo;eau et aux salissures. VAUDE renonce aux fluorocarbones, des produits chimiques appelés PFAS ou PFC, qui sont soupçonnés d&rsquo;être nocifs pour la santé. Le label Green Shape de VAUDE garantit un produit écologique, fonctionnel et fabriqué dans des matériaux durables.</p>
<p><em>softshell hermétique au vent, zip frontal avec rabat intérieur, col montant, 2 poches frontales avec fermeture éclair, cordon à la ceinture réglable par les poches, poignets réglables en largeur grâce à un velcro</em></p>

<p>Veste softshell multifonction femme pour le sport outdoor #matière très confortable et élastique #étanche au vent, déperlante et respirante #matière principale essentiellement fabriquée en polyester recyclé</p>
