{"id":51151,"date":"2026-07-08T15:09:57","date_gmt":"2026-07-08T15:09:57","guid":{"rendered":"https:\/\/www.tracea.ch\/boutique\/non%20class\u00e9\/mens-neyland-padded-vest-ii\/"},"modified":"2026-07-08T15:10:25","modified_gmt":"2026-07-08T15:10:25","slug":"gilet-imbottito-mens-neyland-ii","status":"publish","type":"product","link":"https:\/\/www.tracea.ch\/it\/boutique\/mens-neyland-padded-vest-ii\/","title":{"rendered":"Gilet imbottito Neyland II da uomo"},"content":{"rendered":"<p>I gilet offrono alcuni vantaggi, in particolare nella mezza stagione o come strato isolante sotto una giacca hardshell: proteggono il busto dal freddo senza per\u00f2 limitare la libert\u00e0 di movimento n\u00e9 causare un accumulo di calore durante l\u2019attivit\u00e0 fisica. Neyland II \u00e8 un gilet imbottito da uomo che protegge la parte superiore del corpo dal vento e dal freddo grazie al collo alto. Inoltre, il tessuto esterno del gilet \u00e8 trattato con Eco Finish, un prodotto privo di PFC che respinge l\u2019acqua e lo sporco, rendendolo resistente a brevi acquazzoni. Due tasche laterali con cerniera consentono di riporre gli accessori pi\u00f9 importanti quando ci si sposta senza zaino. E naturalmente, il gilet imbottito Neyland II da uomo fa bella figura anche nella vita di tutti i giorni! Il marchio Green Shape di VAUDE garantisce un prodotto ecologico, funzionale e realizzato con materiali sostenibili. In qualit\u00e0 di membro Leader dell\u2019organizzazione indipendente Fair Wear, VAUDE si impegna a favore di condizioni di lavoro e salari equi.<\/p>\n<p><em>collo alto, cerniera frontale con patta interna, 2 tasche frontali con cerniera, imbottitura da 170 g\/m\u00b2<\/em><\/p>","protected":false},"excerpt":{"rendered":"<p>Gilet imbottito da uomo per il tempo libero e la vita quotidiana, che si inserisce nel concetto di economia circolare di VAUDE #, dotato di collo alto e due capienti tasche laterali #, idrorepellente e traspirante #, materiale principale realizzato al 100 % in poliestere riciclato<\/p>","protected":false},"featured_media":42336,"comment_status":"closed","ping_status":"open","template":"","meta":[],"product_brand":[375],"product_cat":[213,728,216],"product_tag":[365,368,422,421],"class_list":["post-51151","product","type-product","status-publish","has-post-thumbnail","product_brand-vaude","product_cat-boutique","product_cat-gilet","product_cat-vetements","product_tag-boutique","product_tag-vente","product_tag-vente-vetement","product_tag-vetement","pa_couleur-black","pa_couleur-tobacco","pa_taille-l","pa_taille-m","pa_taille-s","pa_taille-xl","pa_taille-xxl","first","instock","purchasable","product-type-variable"],"_links":{"self":[{"href":"https:\/\/www.tracea.ch\/it\/wp-json\/wp\/v2\/product\/51151","targetHints":{"allow":["GET"]}}],"collection":[{"href":"https:\/\/www.tracea.ch\/it\/wp-json\/wp\/v2\/product"}],"about":[{"href":"https:\/\/www.tracea.ch\/it\/wp-json\/wp\/v2\/types\/product"}],"replies":[{"embeddable":true,"href":"https:\/\/www.tracea.ch\/it\/wp-json\/wp\/v2\/comments?post=51151"}],"version-history":[{"count":1,"href":"https:\/\/www.tracea.ch\/it\/wp-json\/wp\/v2\/product\/51151\/revisions"}],"predecessor-version":[{"id":51152,"href":"https:\/\/www.tracea.ch\/it\/wp-json\/wp\/v2\/product\/51151\/revisions\/51152"}],"wp:featuredmedia":[{"embeddable":true,"href":"https:\/\/www.tracea.ch\/it\/wp-json\/wp\/v2\/media\/42336"}],"wp:attachment":[{"href":"https:\/\/www.tracea.ch\/it\/wp-json\/wp\/v2\/media?parent=51151"}],"wp:term":[{"taxonomy":"product_brand","embeddable":true,"href":"https:\/\/www.tracea.ch\/it\/wp-json\/wp\/v2\/product_brand?post=51151"},{"taxonomy":"product_cat","embeddable":true,"href":"https:\/\/www.tracea.ch\/it\/wp-json\/wp\/v2\/product_cat?post=51151"},{"taxonomy":"product_tag","embeddable":true,"href":"https:\/\/www.tracea.ch\/it\/wp-json\/wp\/v2\/product_tag?post=51151"}],"curies":[{"name":"wp","href":"https:\/\/api.w.org\/{rel}","templated":true}]}}

https://www.tracea.ch/boutique/non%20classé/mens-neyland-padded-vest-ii/

<p>I gilet offrono alcuni vantaggi, in particolare nella mezza stagione o come strato isolante sotto una giacca hardshell: proteggono il busto dal freddo senza però limitare la libertà di movimento né causare un accumulo di calore durante l’attività fisica. Neyland II è un gilet imbottito da uomo che protegge la parte superiore del corpo dal vento e dal freddo grazie al collo alto. Inoltre, il tessuto esterno del gilet è trattato con Eco Finish, un prodotto privo di PFC che respinge l’acqua e lo sporco, rendendolo resistente a brevi acquazzoni. Due tasche laterali con cerniera consentono di riporre gli accessori più importanti quando ci si sposta senza zaino. E naturalmente, il gilet imbottito Neyland II da uomo fa bella figura anche nella vita di tutti i giorni! Il marchio Green Shape di VAUDE garantisce un prodotto ecologico, funzionale e realizzato con materiali sostenibili. In qualità di membro Leader dell’organizzazione indipendente Fair Wear, VAUDE si impegna a favore di condizioni di lavoro e salari equi.</p>
<p><em>collo alto, cerniera frontale con patta interna, 2 tasche frontali con cerniera, imbottitura da 170 g/m²</em></p>
