{"id":6370,"date":"2026-06-29T15:31:14","date_gmt":"2026-06-29T15:31:14","guid":{"rendered":"https:\/\/www.tracea.ch\/boutique\/non%20class\u00e9\/mountain-bivy-2p\/"},"modified":"2026-06-29T15:31:47","modified_gmt":"2026-06-29T15:31:47","slug":"mountain-bivy-2p","status":"publish","type":"product","link":"https:\/\/www.tracea.ch\/it\/boutique\/mountain-bivy-2p\/","title":{"rendered":"Mountain Bivy 2P"},"content":{"rendered":"<p>Toute personne qui parcoure les montagnes en rando \u00e0 pied, \u00e0 ski ou alpines avec ambition doit se pr\u00e9parer aux coups durs. Nous avons con\u00e7u Mountain Bivy comme abri d&rsquo;urgence fiable pour deux personnes en partenariat avec le Club alpin allemand DAV. Le sac de bivouac l\u00e9ger 2\u00a0personnes se niche ais\u00e9ment dans le creux de la pelle \u00e0 avalanche rang\u00e9e dans le sac \u00e0 dos gr\u00e2ce \u00e0 son format compact similaire \u00e0 une feuille A4. Il repousse le vent et les intemp\u00e9ries au sommet ou comme abri en cas de brusque changement de temps\u00a0; son zip sur la partie sup\u00e9rieure sert de lucarne de vue et d&rsquo;a\u00e9ration. Ses boucles de tension permettent de l&rsquo;utiliser aussi comme abri sous un tarp. En cas d&rsquo;urgences, il prot\u00e8ge les personnes bless\u00e9es de l&rsquo;hypothermie et peut s&rsquo;utiliser comme brancard de fortune. La mati\u00e8re imperm\u00e9able et non-respirante au profit de la stabilit\u00e9 et du poids est dot\u00e9e en plus de la finition d\u00e9perlante et antisalissures Eco Finish sans PFC. Le label Green Shape de VAUDE garantit un produit \u00e9cologique, fonctionnel et fabriqu\u00e9 dans des mat\u00e9riaux durables. En tant que membre Leader de l&rsquo;organisme ind\u00e9pendant Fair Wear, VAUDE s&rsquo;engage en faveur de conditions de travail et de salaires \u00e9quitables.<\/p>\n<p><em>Sac de bivouac 2\u00a0personnes pour les situations d&rsquo;urgence et comme abri en cas de brusques changements de m\u00e9t\u00e9o #con\u00e7u en collaboration avec des guides de montagne et des chefs de course du Club alpin allemand #avec zip comme ouverture de vue ou d&rsquo;a\u00e9ration #mati\u00e8re principale fabriqu\u00e9e \u00e0 100\u00a0% en polyester recycl\u00e9<\/em><\/p>","protected":false},"excerpt":{"rendered":"<p>Sac de bivouac 2\u00a0personnes pour les situations d&rsquo;urgence et comme abri en cas de brusques changements de m\u00e9t\u00e9o #con\u00e7u en collaboration avec des guides de montagne et des chefs de course du Club alpin allemand #avec zip comme ouverture de vue ou d&rsquo;a\u00e9ration #mati\u00e8re principale fabriqu\u00e9e \u00e0 100\u00a0% en polyester recycl\u00e9<\/p>","protected":false},"featured_media":6371,"comment_status":"closed","ping_status":"open","template":"","meta":[],"product_brand":[375],"product_cat":[213,392,362],"product_tag":[365,389,368,390],"class_list":["post-6370","product","type-product","status-publish","has-post-thumbnail","product_brand-vaude","product_cat-boutique","product_cat-sac-de-bivouac","product_cat-sacs-de-couchage","product_tag-boutique","product_tag-sac-de-couchage","product_tag-vente","product_tag-vente-sac-de-couchage","pa_saison-toutes-saisons","first","instock","purchasable","product-type-simple"],"_links":{"self":[{"href":"https:\/\/www.tracea.ch\/it\/wp-json\/wp\/v2\/product\/6370","targetHints":{"allow":["GET"]}}],"collection":[{"href":"https:\/\/www.tracea.ch\/it\/wp-json\/wp\/v2\/product"}],"about":[{"href":"https:\/\/www.tracea.ch\/it\/wp-json\/wp\/v2\/types\/product"}],"replies":[{"embeddable":true,"href":"https:\/\/www.tracea.ch\/it\/wp-json\/wp\/v2\/comments?post=6370"}],"version-history":[{"count":0,"href":"https:\/\/www.tracea.ch\/it\/wp-json\/wp\/v2\/product\/6370\/revisions"}],"wp:featuredmedia":[{"embeddable":true,"href":"https:\/\/www.tracea.ch\/it\/wp-json\/wp\/v2\/media\/6371"}],"wp:attachment":[{"href":"https:\/\/www.tracea.ch\/it\/wp-json\/wp\/v2\/media?parent=6370"}],"wp:term":[{"taxonomy":"product_brand","embeddable":true,"href":"https:\/\/www.tracea.ch\/it\/wp-json\/wp\/v2\/product_brand?post=6370"},{"taxonomy":"product_cat","embeddable":true,"href":"https:\/\/www.tracea.ch\/it\/wp-json\/wp\/v2\/product_cat?post=6370"},{"taxonomy":"product_tag","embeddable":true,"href":"https:\/\/www.tracea.ch\/it\/wp-json\/wp\/v2\/product_tag?post=6370"}],"curies":[{"name":"wp","href":"https:\/\/api.w.org\/{rel}","templated":true}]}}

https://www.tracea.ch/boutique/non%20classé/mountain-bivy-2p/

<p>Toute personne qui parcoure les montagnes en rando à pied, à ski ou alpines avec ambition doit se préparer aux coups durs. Nous avons conçu Mountain Bivy comme abri d&rsquo;urgence fiable pour deux personnes en partenariat avec le Club alpin allemand DAV. Le sac de bivouac léger 2 personnes se niche aisément dans le creux de la pelle à avalanche rangée dans le sac à dos grâce à son format compact similaire à une feuille A4. Il repousse le vent et les intempéries au sommet ou comme abri en cas de brusque changement de temps ; son zip sur la partie supérieure sert de lucarne de vue et d&rsquo;aération. Ses boucles de tension permettent de l&rsquo;utiliser aussi comme abri sous un tarp. En cas d&rsquo;urgences, il protège les personnes blessées de l&rsquo;hypothermie et peut s&rsquo;utiliser comme brancard de fortune. La matière imperméable et non-respirante au profit de la stabilité et du poids est dotée en plus de la finition déperlante et antisalissures Eco Finish sans PFC. Le label Green Shape de VAUDE garantit un produit écologique, fonctionnel et fabriqué dans des matériaux durables. En tant que membre Leader de l&rsquo;organisme indépendant Fair Wear, VAUDE s&rsquo;engage en faveur de conditions de travail et de salaires équitables.</p>
<p><em>Sac de bivouac 2 personnes pour les situations d&rsquo;urgence et comme abri en cas de brusques changements de météo #conçu en collaboration avec des guides de montagne et des chefs de course du Club alpin allemand #avec zip comme ouverture de vue ou d&rsquo;aération #matière principale fabriquée à 100 % en polyester recyclé</em></p>

<p>Sac de bivouac 2 personnes pour les situations d&rsquo;urgence et comme abri en cas de brusques changements de météo #conçu en collaboration avec des guides de montagne et des chefs de course du Club alpin allemand #avec zip comme ouverture de vue ou d&rsquo;aération #matière principale fabriquée à 100 % en polyester recyclé</p>
