{"id":6460,"date":"2026-06-29T15:36:24","date_gmt":"2026-06-29T15:36:24","guid":{"rendered":"https:\/\/www.tracea.ch\/boutique\/non%20class\u00e9\/performance-9-m\/"},"modified":"2026-06-29T15:36:28","modified_gmt":"2026-06-29T15:36:28","slug":"performance-9-m","status":"publish","type":"product","link":"https:\/\/www.tracea.ch\/it\/boutique\/performance-9-m\/","title":{"rendered":"Risultati dei primi 9 mesi"},"content":{"rendered":"<p>Lorsqu&rsquo;il s&rsquo;agit de profiter d&rsquo;un maximum de performances avec un minimum de poids, le matelas Performance 9 M est incontournable. Il est con\u00e7u pour une utilisation en montagne. Avec son faible poids et son encombrement minuscule, le matelas se glisse dans le plus petit des sacs \u00e0 dos. N\u00e9anmoins, gr\u00e2ce \u00e0 une isolation thermique innovante, il peut affronter m\u00eame les nuits d&rsquo;hiver. Au lieu d&rsquo;un garnissage en duvet ou en fibres synth\u00e9tiques, un film r\u00e9fl\u00e9chissant divise l&rsquo;int\u00e9rieur du matelas en diff\u00e9rentes chambres de convection : L&rsquo;air r\u00e9chauff\u00e9 par le dormeur circule en haut tandis que le froid du sol est stopp\u00e9 en bas. La chaleur \u00e9mise par la personne endormie est r\u00e9fl\u00e9chie en plus. La structure gaufr\u00e9e de la nouvelle construction \u00e0 compartiments offre une surface plus plane et un meilleur confort de couchage \u00e0 tous les types de dormeurs (sur le dos, sur le ventre, sur le c\u00f4t\u00e9). Le contour lat\u00e9ral droit permet en outre de rapprocher deux matelas pour former un \u00ab\u00a0lit double\u00a0\u00bb. La valve du matelas Performance 9 M est compatible avec le sac ou le coussin de gonflage VAUDE, et un kit de r\u00e9paration est \u00e9galement fourni.<\/p>\n<p><em>Matelas isolant tr\u00e8s l\u00e9ger pour adeptes du sport outdoor voyageant l\u00e9ger #nouvelle conception des compartiments pour am\u00e9liorer la stabilit\u00e9 et le confort de sommeil #excellent rapport chaleur\/poids gr\u00e2ce \u00e0 l\u2019isolation r\u00e9fl\u00e9chissante #mati\u00e8re principale essentiellement fabriqu\u00e9e en polyester recycl\u00e9<\/em><\/p>","protected":false},"excerpt":{"rendered":"<p>Matelas isolant tr\u00e8s l\u00e9ger pour adeptes du sport outdoor voyageant l\u00e9ger #nouvelle conception des compartiments pour am\u00e9liorer la stabilit\u00e9 et le confort de sommeil #excellent rapport chaleur\/poids gr\u00e2ce \u00e0 l\u2019isolation r\u00e9fl\u00e9chissante #mati\u00e8re principale essentiellement fabriqu\u00e9e en polyester recycl\u00e9<\/p>","protected":false},"featured_media":6461,"comment_status":"closed","ping_status":"open","template":"","meta":[],"product_brand":[375],"product_cat":[213,399,362],"product_tag":[365,389,368,390],"class_list":["post-6460","product","type-product","status-publish","has-post-thumbnail","product_brand-vaude","product_cat-boutique","product_cat-matelas","product_cat-sacs-de-couchage","product_tag-boutique","product_tag-sac-de-couchage","product_tag-vente","product_tag-vente-sac-de-couchage","pa_saison-toutes-saisons-ete-printemps-automne","first","instock","purchasable","product-type-simple"],"_links":{"self":[{"href":"https:\/\/www.tracea.ch\/it\/wp-json\/wp\/v2\/product\/6460","targetHints":{"allow":["GET"]}}],"collection":[{"href":"https:\/\/www.tracea.ch\/it\/wp-json\/wp\/v2\/product"}],"about":[{"href":"https:\/\/www.tracea.ch\/it\/wp-json\/wp\/v2\/types\/product"}],"replies":[{"embeddable":true,"href":"https:\/\/www.tracea.ch\/it\/wp-json\/wp\/v2\/comments?post=6460"}],"version-history":[{"count":0,"href":"https:\/\/www.tracea.ch\/it\/wp-json\/wp\/v2\/product\/6460\/revisions"}],"wp:featuredmedia":[{"embeddable":true,"href":"https:\/\/www.tracea.ch\/it\/wp-json\/wp\/v2\/media\/6461"}],"wp:attachment":[{"href":"https:\/\/www.tracea.ch\/it\/wp-json\/wp\/v2\/media?parent=6460"}],"wp:term":[{"taxonomy":"product_brand","embeddable":true,"href":"https:\/\/www.tracea.ch\/it\/wp-json\/wp\/v2\/product_brand?post=6460"},{"taxonomy":"product_cat","embeddable":true,"href":"https:\/\/www.tracea.ch\/it\/wp-json\/wp\/v2\/product_cat?post=6460"},{"taxonomy":"product_tag","embeddable":true,"href":"https:\/\/www.tracea.ch\/it\/wp-json\/wp\/v2\/product_tag?post=6460"}],"curies":[{"name":"wp","href":"https:\/\/api.w.org\/{rel}","templated":true}]}}

https://www.tracea.ch/boutique/non%20classé/performance-9-m/

<p>Lorsqu&rsquo;il s&rsquo;agit de profiter d&rsquo;un maximum de performances avec un minimum de poids, le matelas Performance 9 M est incontournable. Il est conçu pour une utilisation en montagne. Avec son faible poids et son encombrement minuscule, le matelas se glisse dans le plus petit des sacs à dos. Néanmoins, grâce à une isolation thermique innovante, il peut affronter même les nuits d&rsquo;hiver. Au lieu d&rsquo;un garnissage en duvet ou en fibres synthétiques, un film réfléchissant divise l&rsquo;intérieur du matelas en différentes chambres de convection : L&rsquo;air réchauffé par le dormeur circule en haut tandis que le froid du sol est stoppé en bas. La chaleur émise par la personne endormie est réfléchie en plus. La structure gaufrée de la nouvelle construction à compartiments offre une surface plus plane et un meilleur confort de couchage à tous les types de dormeurs (sur le dos, sur le ventre, sur le côté). Le contour latéral droit permet en outre de rapprocher deux matelas pour former un « lit double ». La valve du matelas Performance 9 M est compatible avec le sac ou le coussin de gonflage VAUDE, et un kit de réparation est également fourni.</p>
<p><em>Matelas isolant très léger pour adeptes du sport outdoor voyageant léger #nouvelle conception des compartiments pour améliorer la stabilité et le confort de sommeil #excellent rapport chaleur/poids grâce à l’isolation réfléchissante #matière principale essentiellement fabriquée en polyester recyclé</em></p>

<p>Matelas isolant très léger pour adeptes du sport outdoor voyageant léger #nouvelle conception des compartiments pour améliorer la stabilité et le confort de sommeil #excellent rapport chaleur/poids grâce à l’isolation réfléchissante #matière principale essentiellement fabriquée en polyester recyclé</p>
