{"id":6466,"date":"2026-06-29T15:36:37","date_gmt":"2026-06-29T15:36:37","guid":{"rendered":"https:\/\/www.tracea.ch\/boutique\/non%20class\u00e9\/tour-3-8-l-ii\/"},"modified":"2026-06-29T15:36:42","modified_gmt":"2026-06-29T15:36:42","slug":"tour-3-8-l-ii","status":"publish","type":"product","link":"https:\/\/www.tracea.ch\/it\/boutique\/tour-3-8-l-ii\/","title":{"rendered":"Tour 3.8 L II"},"content":{"rendered":"<p>Trekking ou Interrail : Malgr\u00e9 ses dimensions adapt\u00e9es aux personnes de grande taille, le matelas isolant Tour 3.8 L II reste compatible avec un sac \u00e0 dos. Le noyau en mousse autogonflant assure une manipulation sans effort et des nuits confortables. De plus, le matelas est compatible avec le coussin ou le sac de gonflage VAUDE. Par rapport au mod\u00e8le pr\u00e9c\u00e9dent, c&rsquo;est surtout le mat\u00e9riau qui a \u00e9t\u00e9 revu : La partie sup\u00e9rieure est d\u00e9sormais en tissu plus robuste, tandis que le nouveau rev\u00eatement en TPU \u00e0 l&rsquo;int\u00e9rieur r\u00e9siste \u00e0 l&rsquo;hydrolyse. Kit de r\u00e9paration inclus. Que ce soit en camping, en randonn\u00e9e, dans un van ou lors de festivals, le matelas isolant Tour 3.8 L II est indispensable !<\/p>\n<p><em>Matelas isolant ultra grand autogonflant pour le camping et le trekking #usage polyvalent #avec c\u0153ur en mousse r\u00e9sistant #VAUDE s\u2019engage pour des conditions de travail responsables dans le monde entier<\/em><\/p>","protected":false},"excerpt":{"rendered":"<p>Matelas isolant ultra grand autogonflant pour le camping et le trekking #usage polyvalent #avec c\u0153ur en mousse r\u00e9sistant #VAUDE s\u2019engage pour des conditions de travail responsables dans le monde entier<\/p>","protected":false},"featured_media":6467,"comment_status":"closed","ping_status":"open","template":"","meta":[],"product_brand":[375],"product_cat":[213,399,362],"product_tag":[365,389,368,390],"class_list":["post-6466","product","type-product","status-publish","has-post-thumbnail","product_brand-vaude","product_cat-boutique","product_cat-matelas","product_cat-sacs-de-couchage","product_tag-boutique","product_tag-sac-de-couchage","product_tag-vente","product_tag-vente-sac-de-couchage","pa_saison-toutes-saisons-ete-printemps-automne","first","instock","purchasable","product-type-simple"],"_links":{"self":[{"href":"https:\/\/www.tracea.ch\/it\/wp-json\/wp\/v2\/product\/6466","targetHints":{"allow":["GET"]}}],"collection":[{"href":"https:\/\/www.tracea.ch\/it\/wp-json\/wp\/v2\/product"}],"about":[{"href":"https:\/\/www.tracea.ch\/it\/wp-json\/wp\/v2\/types\/product"}],"replies":[{"embeddable":true,"href":"https:\/\/www.tracea.ch\/it\/wp-json\/wp\/v2\/comments?post=6466"}],"version-history":[{"count":0,"href":"https:\/\/www.tracea.ch\/it\/wp-json\/wp\/v2\/product\/6466\/revisions"}],"wp:featuredmedia":[{"embeddable":true,"href":"https:\/\/www.tracea.ch\/it\/wp-json\/wp\/v2\/media\/6467"}],"wp:attachment":[{"href":"https:\/\/www.tracea.ch\/it\/wp-json\/wp\/v2\/media?parent=6466"}],"wp:term":[{"taxonomy":"product_brand","embeddable":true,"href":"https:\/\/www.tracea.ch\/it\/wp-json\/wp\/v2\/product_brand?post=6466"},{"taxonomy":"product_cat","embeddable":true,"href":"https:\/\/www.tracea.ch\/it\/wp-json\/wp\/v2\/product_cat?post=6466"},{"taxonomy":"product_tag","embeddable":true,"href":"https:\/\/www.tracea.ch\/it\/wp-json\/wp\/v2\/product_tag?post=6466"}],"curies":[{"name":"wp","href":"https:\/\/api.w.org\/{rel}","templated":true}]}}

https://www.tracea.ch/boutique/non%20classé/tour-3-8-l-ii/

<p>Trekking ou Interrail : Malgré ses dimensions adaptées aux personnes de grande taille, le matelas isolant Tour 3.8 L II reste compatible avec un sac à dos. Le noyau en mousse autogonflant assure une manipulation sans effort et des nuits confortables. De plus, le matelas est compatible avec le coussin ou le sac de gonflage VAUDE. Par rapport au modèle précédent, c&rsquo;est surtout le matériau qui a été revu : La partie supérieure est désormais en tissu plus robuste, tandis que le nouveau revêtement en TPU à l&rsquo;intérieur résiste à l&rsquo;hydrolyse. Kit de réparation inclus. Que ce soit en camping, en randonnée, dans un van ou lors de festivals, le matelas isolant Tour 3.8 L II est indispensable !</p>
<p><em>Matelas isolant ultra grand autogonflant pour le camping et le trekking #usage polyvalent #avec cœur en mousse résistant #VAUDE s’engage pour des conditions de travail responsables dans le monde entier</em></p>

<p>Matelas isolant ultra grand autogonflant pour le camping et le trekking #usage polyvalent #avec cœur en mousse résistant #VAUDE s’engage pour des conditions de travail responsables dans le monde entier</p>
