{"id":6722,"date":"2026-06-29T15:51:52","date_gmt":"2026-06-29T15:51:52","guid":{"rendered":"https:\/\/www.tracea.ch\/boutique\/non%20class\u00e9\/navajo-100-ii-syn-2\/"},"modified":"2026-06-29T15:52:16","modified_gmt":"2026-06-29T15:52:16","slug":"navajo-100-ii-syn-2","status":"publish","type":"product","link":"https:\/\/www.tracea.ch\/it\/boutique\/navajo-100-ii-syn-2\/","title":{"rendered":"Navajo 100 II SYN"},"content":{"rendered":"<p>Sacco a pelo e coperta comprimibili e leggeri, ideali per escursioni in campeggio o nei rifugi o per la vita in camper nelle regioni dal clima pi\u00f9 mite. Il sacco a pelo-coperta leggero Navajo 100 si distingue in particolare per la sua versatilit\u00e0: pu\u00f2 essere utilizzato sia come sacco a pelo spazioso, sia come copriletto, sia come poncho riscaldante. Questo sacco a pelo ultraleggero pu\u00f2 essere abbinato a tutti gli altri sacchi a pelo-coperta VAUDE, senza essere ostacolato da cerniere sulla superficie di riposo e con un ingresso\/uscita dedicato per ogni dormiente. L\u2019imbottitura in fibre sintetiche monostrato riduce il peso, ma offre comunque un isolamento sufficiente per le notti estive. Inoltre, continua a riscaldare anche quando \u00e8 umida ed \u00e8 ultra traspirante. Quando la temperatura scende durante la notte, la parte superiore si trasforma in un cappuccio 3D grazie a un cordoncino di regolazione. Il nuovo materiale esterno \u00e8 leggero, ha una consistenza piacevole e setosa e non si appiccica alla pelle. Il suo trattamento Eco Finish senza PFC \u00e8 idrorepellente e antimacchia. Il sacco a pelo Navajo 100 fa parte del concetto di economia circolare di VAUDE. I materiali principali, cos\u00ec come l\u2019imbottitura, sono composti al 100% da poliestere riciclato. Il sacco a pelo leggero si distingue inoltre per un taglio che favorisce l\u2019efficienza dei materiali, la sua robustezza e la facilit\u00e0 di riparazione. Il marchio Green Shape di VAUDE garantisce un prodotto ecologico, funzionale e realizzato con materiali sostenibili.<\/p>\n<p><em>Sacco a pelo leggerissimo con imbottitura in fibre sintetiche #, monostagionale (per i mesi estivi) #, forma quadrata, uso versatile #, realizzato principalmente in poliestere riciclato<\/em><\/p>","protected":false},"excerpt":{"rendered":"<p>Sacco a pelo leggerissimo con imbottitura in fibre sintetiche #, monostagionale (per i mesi estivi) #, forma quadrata, uso versatile #, realizzato principalmente in poliestere riciclato<\/p>","protected":false},"featured_media":6723,"comment_status":"closed","ping_status":"open","template":"","meta":[],"product_brand":[375],"product_cat":[213,401,362],"product_tag":[365,389,368,390],"class_list":["post-6722","product","type-product","status-publish","has-post-thumbnail","product_brand-vaude","product_cat-boutique","product_cat-fibre-synthetique","product_cat-sacs-de-couchage","product_tag-boutique","product_tag-sac-de-couchage","product_tag-vente","product_tag-vente-sac-de-couchage","pa_saison-toutes-saisons-ete-printemps-automne","first","instock","purchasable","product-type-simple"],"_links":{"self":[{"href":"https:\/\/www.tracea.ch\/it\/wp-json\/wp\/v2\/product\/6722","targetHints":{"allow":["GET"]}}],"collection":[{"href":"https:\/\/www.tracea.ch\/it\/wp-json\/wp\/v2\/product"}],"about":[{"href":"https:\/\/www.tracea.ch\/it\/wp-json\/wp\/v2\/types\/product"}],"replies":[{"embeddable":true,"href":"https:\/\/www.tracea.ch\/it\/wp-json\/wp\/v2\/comments?post=6722"}],"version-history":[{"count":0,"href":"https:\/\/www.tracea.ch\/it\/wp-json\/wp\/v2\/product\/6722\/revisions"}],"wp:featuredmedia":[{"embeddable":true,"href":"https:\/\/www.tracea.ch\/it\/wp-json\/wp\/v2\/media\/6723"}],"wp:attachment":[{"href":"https:\/\/www.tracea.ch\/it\/wp-json\/wp\/v2\/media?parent=6722"}],"wp:term":[{"taxonomy":"product_brand","embeddable":true,"href":"https:\/\/www.tracea.ch\/it\/wp-json\/wp\/v2\/product_brand?post=6722"},{"taxonomy":"product_cat","embeddable":true,"href":"https:\/\/www.tracea.ch\/it\/wp-json\/wp\/v2\/product_cat?post=6722"},{"taxonomy":"product_tag","embeddable":true,"href":"https:\/\/www.tracea.ch\/it\/wp-json\/wp\/v2\/product_tag?post=6722"}],"curies":[{"name":"wp","href":"https:\/\/api.w.org\/{rel}","templated":true}]}}

https://www.tracea.ch/boutique/non%20classé/navajo-100-ii-syn-2/

<p>Sacco a pelo e coperta comprimibili e leggeri, ideali per escursioni in campeggio o nei rifugi o per la vita in camper nelle regioni dal clima più mite. Il sacco a pelo-coperta leggero Navajo 100 si distingue in particolare per la sua versatilità: può essere utilizzato sia come sacco a pelo spazioso, sia come copriletto, sia come poncho riscaldante. Questo sacco a pelo ultraleggero può essere abbinato a tutti gli altri sacchi a pelo-coperta VAUDE, senza essere ostacolato da cerniere sulla superficie di riposo e con un ingresso/uscita dedicato per ogni dormiente. L’imbottitura in fibre sintetiche monostrato riduce il peso, ma offre comunque un isolamento sufficiente per le notti estive. Inoltre, continua a riscaldare anche quando è umida ed è ultra traspirante. Quando la temperatura scende durante la notte, la parte superiore si trasforma in un cappuccio 3D grazie a un cordoncino di regolazione. Il nuovo materiale esterno è leggero, ha una consistenza piacevole e setosa e non si appiccica alla pelle. Il suo trattamento Eco Finish senza PFC è idrorepellente e antimacchia. Il sacco a pelo Navajo 100 fa parte del concetto di economia circolare di VAUDE. I materiali principali, così come l’imbottitura, sono composti al 100% da poliestere riciclato. Il sacco a pelo leggero si distingue inoltre per un taglio che favorisce l’efficienza dei materiali, la sua robustezza e la facilità di riparazione. Il marchio Green Shape di VAUDE garantisce un prodotto ecologico, funzionale e realizzato con materiali sostenibili.</p>
<p><em>Sacco a pelo leggerissimo con imbottitura in fibre sintetiche #, monostagionale (per i mesi estivi) #, forma quadrata, uso versatile #, realizzato principalmente in poliestere riciclato</em></p>
