{"id":6826,"date":"2026-06-29T16:29:14","date_gmt":"2026-06-29T16:29:14","guid":{"rendered":"https:\/\/www.tracea.ch\/boutique\/non%20class\u00e9\/arco-1-2p\/"},"modified":"2026-06-29T16:29:45","modified_gmt":"2026-06-29T16:29:45","slug":"arco-1-2p","status":"publish","type":"product","link":"https:\/\/www.tracea.ch\/it\/boutique\/arco-1-2p\/","title":{"rendered":"Arco 1-2P"},"content":{"rendered":"<p>Le panorama est compris : tente tunnel spacieuse, 3 saisons avec grandes entr\u00e9es lat\u00e9rales. L&rsquo;int\u00e9rieur est organis\u00e9 de mani\u00e8re astucieuse et offre de la pace pour 2 couchages et suffisamment de bagages et d&rsquo;\u00e9quipement de trekking. Ce mod\u00e8le peut \u00eatre a\u00e9r\u00e9 par les ouvertures dans le toit. La Arco 1-2P est rapidement mont\u00e9e et supporte le mauvais temps sans sourciller. C&rsquo;est le mod\u00e8le id\u00e9ale pour commencer le trekking dans des pays au climat temp\u00e9r\u00e9.<\/p>\n<p><em>l&rsquo;arceau est introduit dans un fourreau ferm\u00e9 d&rsquo;un c\u00f4t\u00e9 et peut \u00eatre tendu depuis le c\u00f4t\u00e9 oppos\u00e9, 2 entr\u00e9es, 2 vestibules, 2 ouvertures de ventilation dans le toit, valve de ventilation derri\u00e8re, porte de tente int\u00e9rieure avec empi\u00e8cements d\u2019a\u00e9ration en mesh anti-moustique pour une bonne ventilation sur la dur\u00e9e, montage tr\u00e8s rapide, 2 en 1: manette pour enrouler le cordon et pince<\/em><\/p>","protected":false},"excerpt":{"rendered":"<p>Tente tunnel spacieuse pour le camping et le trekking #3 saisons (pour les mois sans neige) #grandes entr\u00e9es lat\u00e9rales #montage rapide<\/p>","protected":false},"featured_media":6827,"comment_status":"closed","ping_status":"open","template":"","meta":[],"product_brand":[375],"product_cat":[408,213,361],"product_tag":[365,404,368,405],"class_list":["post-6826","product","type-product","status-publish","has-post-thumbnail","product_brand-vaude","product_cat-2-places","product_cat-boutique","product_cat-tentes","product_tag-boutique","product_tag-tente","product_tag-vente","product_tag-vente-tente","first","instock","purchasable","product-type-simple"],"_links":{"self":[{"href":"https:\/\/www.tracea.ch\/it\/wp-json\/wp\/v2\/product\/6826","targetHints":{"allow":["GET"]}}],"collection":[{"href":"https:\/\/www.tracea.ch\/it\/wp-json\/wp\/v2\/product"}],"about":[{"href":"https:\/\/www.tracea.ch\/it\/wp-json\/wp\/v2\/types\/product"}],"replies":[{"embeddable":true,"href":"https:\/\/www.tracea.ch\/it\/wp-json\/wp\/v2\/comments?post=6826"}],"version-history":[{"count":0,"href":"https:\/\/www.tracea.ch\/it\/wp-json\/wp\/v2\/product\/6826\/revisions"}],"wp:featuredmedia":[{"embeddable":true,"href":"https:\/\/www.tracea.ch\/it\/wp-json\/wp\/v2\/media\/6827"}],"wp:attachment":[{"href":"https:\/\/www.tracea.ch\/it\/wp-json\/wp\/v2\/media?parent=6826"}],"wp:term":[{"taxonomy":"product_brand","embeddable":true,"href":"https:\/\/www.tracea.ch\/it\/wp-json\/wp\/v2\/product_brand?post=6826"},{"taxonomy":"product_cat","embeddable":true,"href":"https:\/\/www.tracea.ch\/it\/wp-json\/wp\/v2\/product_cat?post=6826"},{"taxonomy":"product_tag","embeddable":true,"href":"https:\/\/www.tracea.ch\/it\/wp-json\/wp\/v2\/product_tag?post=6826"}],"curies":[{"name":"wp","href":"https:\/\/api.w.org\/{rel}","templated":true}]}}

https://www.tracea.ch/boutique/non%20classé/arco-1-2p/

<p>Le panorama est compris : tente tunnel spacieuse, 3 saisons avec grandes entrées latérales. L&rsquo;intérieur est organisé de manière astucieuse et offre de la pace pour 2 couchages et suffisamment de bagages et d&rsquo;équipement de trekking. Ce modèle peut être aéré par les ouvertures dans le toit. La Arco 1-2P est rapidement montée et supporte le mauvais temps sans sourciller. C&rsquo;est le modèle idéale pour commencer le trekking dans des pays au climat tempéré.</p>
<p><em>l&rsquo;arceau est introduit dans un fourreau fermé d&rsquo;un côté et peut être tendu depuis le côté opposé, 2 entrées, 2 vestibules, 2 ouvertures de ventilation dans le toit, valve de ventilation derrière, porte de tente intérieure avec empiècements d’aération en mesh anti-moustique pour une bonne ventilation sur la durée, montage très rapide, 2 en 1: manette pour enrouler le cordon et pince</em></p>

<p>Tente tunnel spacieuse pour le camping et le trekking #3 saisons (pour les mois sans neige) #grandes entrées latérales #montage rapide</p>
