{"id":6834,"date":"2026-06-29T16:29:14","date_gmt":"2026-06-29T16:29:14","guid":{"rendered":"https:\/\/www.tracea.ch\/boutique\/non%20class\u00e9\/hogan-ul-2p\/"},"modified":"2026-06-29T16:30:07","modified_gmt":"2026-06-29T16:30:07","slug":"hogan-ul-2p","status":"publish","type":"product","link":"https:\/\/www.tracea.ch\/it\/boutique\/hogan-ul-2p\/","title":{"rendered":"Hogan UL 2P"},"content":{"rendered":"<p>Notre mod\u00e8le classique pour l&rsquo;alpinisme et le trekking&nbsp;: tente 3 saisons tr\u00e8s l\u00e9g\u00e8re, \u00e0 montage rapide (jetable), grand espace int\u00e9rieur. La tente r\u00e9siste tr\u00e8s bien au vent et peut \u00eatre mont\u00e9e et d\u00e9mont\u00e9e rapidement et facilement. Elle est con\u00e7ue pour 2 personnes, des inserts suppl\u00e9mentaires au niveau des pieds assurent encore plus de confort. Les ouvertures de ventilation r\u00e9glables garantissent un climat int\u00e9rieur agr\u00e9able. Pour pr\u00e9server l&rsquo;environnement, l&rsquo;auvent a \u00e9t\u00e9 fabriqu\u00e9 d&rsquo;apr\u00e8s les normes \u00e9cologiques draconiennes du sigle bluesign\u00ae dans le plus grand respect des ressources naturelles.<\/p>\n<p><em>ouverture de ventilation prot\u00e9g\u00e9e de la pluie et r\u00e9glable \u00e0 l&rsquo;aide de la fermeture \u00e9clair de l&rsquo;entr\u00e9e, 1 abside, 1 entr\u00e9e, porte de tente int\u00e9rieure avec empi\u00e8cements d\u2019a\u00e9ration en mesh anti-moustique et refermables contre le froid, 2 en 1: manette pour enrouler le cordon et pince, a\u00e9ration lat\u00e9rale et modulable au sol, construction par jetage ultra l\u00e9g\u00e8re, sol de la tente lamin\u00e9 r\u00e9sistante contre l&rsquo;acide formique<\/em><\/p>","protected":false},"excerpt":{"rendered":"<p>Tente tr\u00e8s l\u00e9g\u00e8re, montage rapide, pour l&rsquo;alpinisme et le trekking # facile et rapide \u00e0 monter # tr\u00e8s r\u00e9sistante au vent #\u00e0 la fabrication \u00e9cologique<\/p>","protected":false},"featured_media":6835,"comment_status":"closed","ping_status":"open","template":"","meta":[],"product_brand":[375],"product_cat":[408,213,361],"product_tag":[365,404,368,405],"class_list":["post-6834","product","type-product","status-publish","has-post-thumbnail","product_brand-vaude","product_cat-2-places","product_cat-boutique","product_cat-tentes","product_tag-boutique","product_tag-tente","product_tag-vente","product_tag-vente-tente","first","instock","purchasable","product-type-simple"],"_links":{"self":[{"href":"https:\/\/www.tracea.ch\/it\/wp-json\/wp\/v2\/product\/6834","targetHints":{"allow":["GET"]}}],"collection":[{"href":"https:\/\/www.tracea.ch\/it\/wp-json\/wp\/v2\/product"}],"about":[{"href":"https:\/\/www.tracea.ch\/it\/wp-json\/wp\/v2\/types\/product"}],"replies":[{"embeddable":true,"href":"https:\/\/www.tracea.ch\/it\/wp-json\/wp\/v2\/comments?post=6834"}],"version-history":[{"count":0,"href":"https:\/\/www.tracea.ch\/it\/wp-json\/wp\/v2\/product\/6834\/revisions"}],"wp:featuredmedia":[{"embeddable":true,"href":"https:\/\/www.tracea.ch\/it\/wp-json\/wp\/v2\/media\/6835"}],"wp:attachment":[{"href":"https:\/\/www.tracea.ch\/it\/wp-json\/wp\/v2\/media?parent=6834"}],"wp:term":[{"taxonomy":"product_brand","embeddable":true,"href":"https:\/\/www.tracea.ch\/it\/wp-json\/wp\/v2\/product_brand?post=6834"},{"taxonomy":"product_cat","embeddable":true,"href":"https:\/\/www.tracea.ch\/it\/wp-json\/wp\/v2\/product_cat?post=6834"},{"taxonomy":"product_tag","embeddable":true,"href":"https:\/\/www.tracea.ch\/it\/wp-json\/wp\/v2\/product_tag?post=6834"}],"curies":[{"name":"wp","href":"https:\/\/api.w.org\/{rel}","templated":true}]}}

https://www.tracea.ch/boutique/non%20classé/hogan-ul-2p/

<p>Notre modèle classique pour l&rsquo;alpinisme et le trekking&nbsp;: tente 3 saisons très légère, à montage rapide (jetable), grand espace intérieur. La tente résiste très bien au vent et peut être montée et démontée rapidement et facilement. Elle est conçue pour 2 personnes, des inserts supplémentaires au niveau des pieds assurent encore plus de confort. Les ouvertures de ventilation réglables garantissent un climat intérieur agréable. Pour préserver l&rsquo;environnement, l&rsquo;auvent a été fabriqué d&rsquo;après les normes écologiques draconiennes du sigle bluesign® dans le plus grand respect des ressources naturelles.</p>
<p><em>ouverture de ventilation protégée de la pluie et réglable à l&rsquo;aide de la fermeture éclair de l&rsquo;entrée, 1 abside, 1 entrée, porte de tente intérieure avec empiècements d’aération en mesh anti-moustique et refermables contre le froid, 2 en 1: manette pour enrouler le cordon et pince, aération latérale et modulable au sol, construction par jetage ultra légère, sol de la tente laminé résistante contre l&rsquo;acide formique</em></p>

<p>Tente très légère, montage rapide, pour l&rsquo;alpinisme et le trekking # facile et rapide à monter # très résistante au vent #à la fabrication écologique</p>
