{"id":6840,"date":"2026-06-29T16:30:14","date_gmt":"2026-06-29T16:30:14","guid":{"rendered":"https:\/\/www.tracea.ch\/boutique\/non%20class\u00e9\/taurus-ul-2p\/"},"modified":"2026-06-29T16:30:20","modified_gmt":"2026-06-29T16:30:20","slug":"taurus-ul-2p","status":"publish","type":"product","link":"https:\/\/www.tracea.ch\/it\/boutique\/taurus-ul-2p\/","title":{"rendered":"Taurus UL 2P"},"content":{"rendered":"<p>Notre mod\u00e8le classique pour les terrains sauvages et la montagne&nbsp;: tente 3 saisons tr\u00e8s l\u00e9g\u00e8re avec gaines int\u00e9rieures pour l&rsquo;armature et agr\u00e9able libert\u00e9 au niveau de la t\u00eate. La tente r\u00e9siste au vent et est facile et rapide \u00e0 monter. Elle est id\u00e9ale pour le trekking et l&rsquo;alpinisme. Elle est con\u00e7ue pour 2 personnes, deux inserts au niveau des pieds assurent un espace tr\u00e8s confortable. Les ouvertures de ventilation r\u00e9glables garantissent un climat int\u00e9rieur agr\u00e9able. Pour pr\u00e9server l&rsquo;environnement, l&rsquo;auvent a \u00e9t\u00e9 fabriqu\u00e9 d&rsquo;apr\u00e8s les normes \u00e9cologiques draconiennes du sigle bluesign\u00ae dans le plus grand respect des ressources naturelles.<\/p>\n<p><em>ouverture de ventilation prot\u00e9g\u00e9e de la pluie et r\u00e9glable \u00e0 l&rsquo;aide de la fermeture \u00e9clair de l&rsquo;entr\u00e9e, l&rsquo;arceau est introduit dans un fourreau ferm\u00e9 d&rsquo;un c\u00f4t\u00e9 et peut \u00eatre tendu depuis le c\u00f4t\u00e9 oppos\u00e9, 1 abside, 1 entr\u00e9e, porte de tente int\u00e9rieure avec empi\u00e8cements d\u2019a\u00e9ration en mesh anti-moustique et refermables contre le froid, 2 en 1: manette pour enrouler le cordon et pince, fourreau int\u00e9rieur pour l&rsquo;armature, utilisation de l&rsquo;espace optimis\u00e9e gr\u00e2ce \u00e0 l&rsquo;armature inclin\u00e9e dans la parties des pieds et les pins suppl\u00e9mentaires du double toit, a\u00e9ration lat\u00e9rale et modulable au sol, sol de la tente lamin\u00e9 r\u00e9sistante contre l&rsquo;acide formique<\/em><\/p>","protected":false},"excerpt":{"rendered":"<p>Tente tr\u00e8s l\u00e9g\u00e8re pour l&rsquo;alpinisme et le trekking # tr\u00e8s r\u00e9sistante au vent # facile et rapide \u00e0 monter gr\u00e2ce au Double Pitching #\u00e0 la fabrication \u00e9cologique<\/p>","protected":false},"featured_media":6841,"comment_status":"closed","ping_status":"open","template":"","meta":[],"product_brand":[375],"product_cat":[408,213,361],"product_tag":[365,404,368,405],"class_list":["post-6840","product","type-product","status-publish","has-post-thumbnail","product_brand-vaude","product_cat-2-places","product_cat-boutique","product_cat-tentes","product_tag-boutique","product_tag-tente","product_tag-vente","product_tag-vente-tente","first","instock","purchasable","product-type-simple"],"_links":{"self":[{"href":"https:\/\/www.tracea.ch\/it\/wp-json\/wp\/v2\/product\/6840","targetHints":{"allow":["GET"]}}],"collection":[{"href":"https:\/\/www.tracea.ch\/it\/wp-json\/wp\/v2\/product"}],"about":[{"href":"https:\/\/www.tracea.ch\/it\/wp-json\/wp\/v2\/types\/product"}],"replies":[{"embeddable":true,"href":"https:\/\/www.tracea.ch\/it\/wp-json\/wp\/v2\/comments?post=6840"}],"version-history":[{"count":0,"href":"https:\/\/www.tracea.ch\/it\/wp-json\/wp\/v2\/product\/6840\/revisions"}],"wp:featuredmedia":[{"embeddable":true,"href":"https:\/\/www.tracea.ch\/it\/wp-json\/wp\/v2\/media\/6841"}],"wp:attachment":[{"href":"https:\/\/www.tracea.ch\/it\/wp-json\/wp\/v2\/media?parent=6840"}],"wp:term":[{"taxonomy":"product_brand","embeddable":true,"href":"https:\/\/www.tracea.ch\/it\/wp-json\/wp\/v2\/product_brand?post=6840"},{"taxonomy":"product_cat","embeddable":true,"href":"https:\/\/www.tracea.ch\/it\/wp-json\/wp\/v2\/product_cat?post=6840"},{"taxonomy":"product_tag","embeddable":true,"href":"https:\/\/www.tracea.ch\/it\/wp-json\/wp\/v2\/product_tag?post=6840"}],"curies":[{"name":"wp","href":"https:\/\/api.w.org\/{rel}","templated":true}]}}

https://www.tracea.ch/boutique/non%20classé/taurus-ul-2p/

<p>Notre modèle classique pour les terrains sauvages et la montagne&nbsp;: tente 3 saisons très légère avec gaines intérieures pour l&rsquo;armature et agréable liberté au niveau de la tête. La tente résiste au vent et est facile et rapide à monter. Elle est idéale pour le trekking et l&rsquo;alpinisme. Elle est conçue pour 2 personnes, deux inserts au niveau des pieds assurent un espace très confortable. Les ouvertures de ventilation réglables garantissent un climat intérieur agréable. Pour préserver l&rsquo;environnement, l&rsquo;auvent a été fabriqué d&rsquo;après les normes écologiques draconiennes du sigle bluesign® dans le plus grand respect des ressources naturelles.</p>
<p><em>ouverture de ventilation protégée de la pluie et réglable à l&rsquo;aide de la fermeture éclair de l&rsquo;entrée, l&rsquo;arceau est introduit dans un fourreau fermé d&rsquo;un côté et peut être tendu depuis le côté opposé, 1 abside, 1 entrée, porte de tente intérieure avec empiècements d’aération en mesh anti-moustique et refermables contre le froid, 2 en 1: manette pour enrouler le cordon et pince, fourreau intérieur pour l&rsquo;armature, utilisation de l&rsquo;espace optimisée grâce à l&rsquo;armature inclinée dans la parties des pieds et les pins supplémentaires du double toit, aération latérale et modulable au sol, sol de la tente laminé résistante contre l&rsquo;acide formique</em></p>

<p>Tente très légère pour l&rsquo;alpinisme et le trekking # très résistante au vent # facile et rapide à monter grâce au Double Pitching #à la fabrication écologique</p>
