{"id":6918,"date":"2026-06-29T16:34:13","date_gmt":"2026-06-29T16:34:13","guid":{"rendered":"https:\/\/www.tracea.ch\/boutique\/non%20class\u00e9\/mark-ul-3p\/"},"modified":"2026-06-29T16:34:19","modified_gmt":"2026-06-29T16:34:19","slug":"mark-ul-3p","status":"publish","type":"product","link":"https:\/\/www.tracea.ch\/it\/boutique\/mark-ul-3p\/","title":{"rendered":"Mark UL 3P"},"content":{"rendered":"<p>Le grand classique incontest\u00e9 pour le camping en pleine nature&nbsp;: tente 3 saisons ultra l\u00e9g\u00e8re pour les alpinistes et les amateurs de trekking. Montage facile et rapide gr\u00e2ce \u00e0 la construction Mark \u00e9prouv\u00e9e. Cette tente extr\u00eamement stable offre de la place pour 3 personnes plus bagages, les deux apsides offrent un espace suppl\u00e9mentaire consid\u00e9rable. Les ouvertures de ventilation prot\u00e9g\u00e9es dans l&rsquo;entr\u00e9e assurent une circulation de l&rsquo;air optimale. Le sol en polyamide lamin\u00e9 est bien s\u00fbr \u00e9tanche (10&nbsp;000&nbsp;mm) et r\u00e9sistant \u00e0 l&rsquo;acide formique.<\/p>\n<p><em>ouverture de ventilation prot\u00e9g\u00e9e de la pluie et r\u00e9glable \u00e0 l&rsquo;aide de la fermeture \u00e9clair de l&rsquo;entr\u00e9e, 2 vestibules, 2 entr\u00e9es, 2 en 1: manette pour enrouler le cordon et pince, montage tr\u00e8s rapide et facile, porte de tente int\u00e9rieure avec empi\u00e8cements d\u2019a\u00e9ration en mesh anti-moustique pour une bonne ventilation sur la dur\u00e9e, ventilation hood, tr\u00e8s bonne ventilation par les apsides, sol de la tente lamin\u00e9 r\u00e9sistante contre l&rsquo;acide formique<\/em><\/p>","protected":false},"excerpt":{"rendered":"<p>Tente tr\u00e8s l\u00e9g\u00e8re pour l&rsquo;alpinisme et le trekking # tr\u00e8s r\u00e9sistante au vent # facile et rapide \u00e0 monter #\u00e0 la fabrication \u00e9cologique<\/p>","protected":false},"featured_media":6919,"comment_status":"closed","ping_status":"open","template":"","meta":[],"product_brand":[375],"product_cat":[409,213,361],"product_tag":[365,404,368,405],"class_list":["post-6918","product","type-product","status-publish","has-post-thumbnail","product_brand-vaude","product_cat-3-places","product_cat-boutique","product_cat-tentes","product_tag-boutique","product_tag-tente","product_tag-vente","product_tag-vente-tente","first","instock","purchasable","product-type-simple"],"_links":{"self":[{"href":"https:\/\/www.tracea.ch\/it\/wp-json\/wp\/v2\/product\/6918","targetHints":{"allow":["GET"]}}],"collection":[{"href":"https:\/\/www.tracea.ch\/it\/wp-json\/wp\/v2\/product"}],"about":[{"href":"https:\/\/www.tracea.ch\/it\/wp-json\/wp\/v2\/types\/product"}],"replies":[{"embeddable":true,"href":"https:\/\/www.tracea.ch\/it\/wp-json\/wp\/v2\/comments?post=6918"}],"version-history":[{"count":0,"href":"https:\/\/www.tracea.ch\/it\/wp-json\/wp\/v2\/product\/6918\/revisions"}],"wp:featuredmedia":[{"embeddable":true,"href":"https:\/\/www.tracea.ch\/it\/wp-json\/wp\/v2\/media\/6919"}],"wp:attachment":[{"href":"https:\/\/www.tracea.ch\/it\/wp-json\/wp\/v2\/media?parent=6918"}],"wp:term":[{"taxonomy":"product_brand","embeddable":true,"href":"https:\/\/www.tracea.ch\/it\/wp-json\/wp\/v2\/product_brand?post=6918"},{"taxonomy":"product_cat","embeddable":true,"href":"https:\/\/www.tracea.ch\/it\/wp-json\/wp\/v2\/product_cat?post=6918"},{"taxonomy":"product_tag","embeddable":true,"href":"https:\/\/www.tracea.ch\/it\/wp-json\/wp\/v2\/product_tag?post=6918"}],"curies":[{"name":"wp","href":"https:\/\/api.w.org\/{rel}","templated":true}]}}

https://www.tracea.ch/boutique/non%20classé/mark-ul-3p/

<p>Le grand classique incontesté pour le camping en pleine nature&nbsp;: tente 3 saisons ultra légère pour les alpinistes et les amateurs de trekking. Montage facile et rapide grâce à la construction Mark éprouvée. Cette tente extrêmement stable offre de la place pour 3 personnes plus bagages, les deux apsides offrent un espace supplémentaire considérable. Les ouvertures de ventilation protégées dans l&rsquo;entrée assurent une circulation de l&rsquo;air optimale. Le sol en polyamide laminé est bien sûr étanche (10&nbsp;000&nbsp;mm) et résistant à l&rsquo;acide formique.</p>
<p><em>ouverture de ventilation protégée de la pluie et réglable à l&rsquo;aide de la fermeture éclair de l&rsquo;entrée, 2 vestibules, 2 entrées, 2 en 1: manette pour enrouler le cordon et pince, montage très rapide et facile, porte de tente intérieure avec empiècements d’aération en mesh anti-moustique pour une bonne ventilation sur la durée, ventilation hood, très bonne ventilation par les apsides, sol de la tente laminé résistante contre l&rsquo;acide formique</em></p>

<p>Tente très légère pour l&rsquo;alpinisme et le trekking # très résistante au vent # facile et rapide à monter #à la fabrication écologique</p>
