{"id":6971,"date":"2026-06-29T16:36:45","date_gmt":"2026-06-29T16:36:45","guid":{"rendered":"https:\/\/www.tracea.ch\/boutique\/non%20class\u00e9\/allround-mark-3p\/"},"modified":"2026-06-29T16:37:12","modified_gmt":"2026-06-29T16:37:12","slug":"allround-mark-3p","status":"publish","type":"product","link":"https:\/\/www.tracea.ch\/it\/boutique\/allround-mark-3p\/","title":{"rendered":"Allround Mark 3P"},"content":{"rendered":"<p>L&rsquo;ultime classique de la marque VAUDE parmi toutes les tentes\u00a0! Impossible de monter une autre tente VAUDE aussi rapidement et simplement\u00a0: il suffit de poser la tente sur le sol, de fixer le jeu d&rsquo;arceaux DAC avec les \u00e9lastiques et c&rsquo;est termin\u00e9\u00a0! Ceci fait de Mark 3 personnes une tente de trekking flexible, autoportante, r\u00e9sistante aux intemp\u00e9ries, qui se retend en permanence de mani\u00e8re autonome. La suspension \u00e9lastique au niveau de l&rsquo;armature ext\u00e9rieure de la tente lui permet d&rsquo;absorber les rafales de vent et d&rsquo;autres soubresauts. Con\u00e7ue pour tous ceux et toutes celles qui dorment sur le dos, elle est mieux stabilis\u00e9e gr\u00e2ce aux pi\u00e8ces plastiques de r\u00e9ception de l&rsquo;armature. Une corde \u00e0 linge et deux poches \u00e0 l&rsquo;int\u00e9rieur de la tente apportent un confort suppl\u00e9mentaire.<\/p>\n<p><em>2 entr\u00e9es, 2 absides spacieuses, avec fixation \u00e9lastique qui a fait ses preuves avec la s\u00e9rie de tentes Mark, montage tr\u00e8s rapide et facile, Tente int\u00e9rieure accroch\u00e9e pour un montage \u00e0 l\u2019\u00e9preuve de la pluie, int\u00e9rieur tr\u00e8s spacieux, excellente a\u00e9ration gr\u00e2ce \u00e0 la fen\u00eatre filet et aux orifices de ventilation, parois de tente int\u00e9rieure avec empi\u00e8cements d\u2019a\u00e9ration en mesh anti-moustique pour un climat ambiant optimal, porte de tente int\u00e9rieure avec empi\u00e8cements d\u2019a\u00e9ration en mesh anti-moustique pour une bonne ventilation sur la dur\u00e9e, cabines int\u00e9rieures amovibles pour un plus grand espace s\u00e9jour ou rangement, y compris sardines et cordon de s\u00e9curit\u00e9, 2 en 1: manette pour enrouler le cordon et pince<\/em><\/p>","protected":false},"excerpt":{"rendered":"<p>Tente de trekking 3 personnes \u00e0 montage rapide #tr\u00e8s stable au vent #construction autoportante #mati\u00e8re de la tente ext\u00e9rieure et du fond enti\u00e8rement fabriqu\u00e9e en bouteilles PET recycl\u00e9es<\/p>","protected":false},"featured_media":6972,"comment_status":"closed","ping_status":"open","template":"","meta":[],"product_brand":[375],"product_cat":[409,213,361],"product_tag":[365,404,368,405],"class_list":["post-6971","product","type-product","status-publish","has-post-thumbnail","product_brand-vaude","product_cat-3-places","product_cat-boutique","product_cat-tentes","product_tag-boutique","product_tag-tente","product_tag-vente","product_tag-vente-tente","first","instock","purchasable","product-type-simple"],"_links":{"self":[{"href":"https:\/\/www.tracea.ch\/it\/wp-json\/wp\/v2\/product\/6971","targetHints":{"allow":["GET"]}}],"collection":[{"href":"https:\/\/www.tracea.ch\/it\/wp-json\/wp\/v2\/product"}],"about":[{"href":"https:\/\/www.tracea.ch\/it\/wp-json\/wp\/v2\/types\/product"}],"replies":[{"embeddable":true,"href":"https:\/\/www.tracea.ch\/it\/wp-json\/wp\/v2\/comments?post=6971"}],"version-history":[{"count":0,"href":"https:\/\/www.tracea.ch\/it\/wp-json\/wp\/v2\/product\/6971\/revisions"}],"wp:featuredmedia":[{"embeddable":true,"href":"https:\/\/www.tracea.ch\/it\/wp-json\/wp\/v2\/media\/6972"}],"wp:attachment":[{"href":"https:\/\/www.tracea.ch\/it\/wp-json\/wp\/v2\/media?parent=6971"}],"wp:term":[{"taxonomy":"product_brand","embeddable":true,"href":"https:\/\/www.tracea.ch\/it\/wp-json\/wp\/v2\/product_brand?post=6971"},{"taxonomy":"product_cat","embeddable":true,"href":"https:\/\/www.tracea.ch\/it\/wp-json\/wp\/v2\/product_cat?post=6971"},{"taxonomy":"product_tag","embeddable":true,"href":"https:\/\/www.tracea.ch\/it\/wp-json\/wp\/v2\/product_tag?post=6971"}],"curies":[{"name":"wp","href":"https:\/\/api.w.org\/{rel}","templated":true}]}}

https://www.tracea.ch/boutique/non%20classé/allround-mark-3p/

<p>L&rsquo;ultime classique de la marque VAUDE parmi toutes les tentes ! Impossible de monter une autre tente VAUDE aussi rapidement et simplement : il suffit de poser la tente sur le sol, de fixer le jeu d&rsquo;arceaux DAC avec les élastiques et c&rsquo;est terminé ! Ceci fait de Mark 3 personnes une tente de trekking flexible, autoportante, résistante aux intempéries, qui se retend en permanence de manière autonome. La suspension élastique au niveau de l&rsquo;armature extérieure de la tente lui permet d&rsquo;absorber les rafales de vent et d&rsquo;autres soubresauts. Conçue pour tous ceux et toutes celles qui dorment sur le dos, elle est mieux stabilisée grâce aux pièces plastiques de réception de l&rsquo;armature. Une corde à linge et deux poches à l&rsquo;intérieur de la tente apportent un confort supplémentaire.</p>
<p><em>2 entrées, 2 absides spacieuses, avec fixation élastique qui a fait ses preuves avec la série de tentes Mark, montage très rapide et facile, Tente intérieure accrochée pour un montage à l’épreuve de la pluie, intérieur très spacieux, excellente aération grâce à la fenêtre filet et aux orifices de ventilation, parois de tente intérieure avec empiècements d’aération en mesh anti-moustique pour un climat ambiant optimal, porte de tente intérieure avec empiècements d’aération en mesh anti-moustique pour une bonne ventilation sur la durée, cabines intérieures amovibles pour un plus grand espace séjour ou rangement, y compris sardines et cordon de sécurité, 2 en 1: manette pour enrouler le cordon et pince</em></p>

<p>Tente de trekking 3 personnes à montage rapide #très stable au vent #construction autoportante #matière de la tente extérieure et du fond entièrement fabriquée en bouteilles PET recyclées</p>
