{"id":7187,"date":"2026-06-29T16:44:59","date_gmt":"2026-06-29T16:44:59","guid":{"rendered":"https:\/\/www.tracea.ch\/boutique\/non%20class\u00e9\/drive-van-trunk\/"},"modified":"2026-06-29T16:45:29","modified_gmt":"2026-06-29T16:45:29","slug":"drive-van-trunk","status":"publish","type":"product","link":"https:\/\/www.tracea.ch\/it\/boutique\/drive-van-trunk\/","title":{"rendered":"Drive Van Trunk"},"content":{"rendered":"<p>L&rsquo;id\u00e9e est aussi simple que g\u00e9niale&nbsp;: Drive Van Trunk transforme le hayon du coffre et tout l&rsquo;espace situ\u00e9 dessous et derri\u00e8re en un vaste auvent, et ce en un rien de temps&nbsp;! Associ\u00e9 \u00e0 l&rsquo;habitacle du coffre lui-m\u00eame, un espace g\u00e9n\u00e9reux est cr\u00e9\u00e9 pour dormir, cuisiner et passer un moment convivial \u00e0 plusieurs. D&rsquo;un usage particuli\u00e8rement polyvalent, Drive Van Trunk est compatible avec diff\u00e9rents types de v\u00e9hicule gr\u00e2ce \u00e0 sa construction de tendeur sophistiqu\u00e9e, et peut \u00eatre d\u00e9ploy\u00e9 de deux c\u00f4t\u00e9s. L&rsquo;auvent peut \u00eatre mont\u00e9 aupr\u00e8s de v\u00e9hicules de la taille d&rsquo;un mini-bus VW et d&rsquo;utilitaires comme p.&nbsp;ex le VW Caddy afin de transformer le van en un petit camping-car. Le hayon ouvert constitue ici l&rsquo;\u00e9l\u00e9ment porteur de la construction de tente et permet ainsi de se changer ais\u00e9ment, voire de prendre une douche en station debout \u00e0 l&rsquo;abri des regards. La place disponible dans l&rsquo;auvent offre suffisamment d&rsquo;espace de rangement, voire de cuisiner et de manger avec deux chaises et une petite table. La tente appos\u00e9e au coffre assure une a\u00e9ration optimale dans l&rsquo;habitacle s\u00e9curis\u00e9 du v\u00e9hicule et constitue ainsi la sph\u00e8re priv\u00e9e requise dans une telle situation.<\/p>\n<p><em>auvent pour voiture, sans armature, sans tente int\u00e9rieure, 1 entr\u00e9e, montage tr\u00e8s rapide et facile, entr\u00e9e avant peut \u00eatre utilis\u00e9e comme b\u00e2che pare-soleil, excellente a\u00e9ration gr\u00e2ce \u00e0 la fen\u00eatre filet, porte maille anti-moustique pour ouverture du coffre, hauteur debout pour espace de dressing priv\u00e9, s&rsquo;adapte aux monospaces et minibus jusqu&rsquo;\u00e0 une hauteur de 2,15 m, peut \u00eatre install\u00e9e sur les monospaces les plus courants comme la Renault Kangoo, la Caddy de VW, la Opel Combo etc.<\/em><\/p>","protected":false},"excerpt":{"rendered":"<p>Auvent \u00e0 accrocher au hayon de la voiture #montage et d\u00e9montage rapide #fen\u00eatre refermable #int\u00e9rieur spacieux<\/p>","protected":false},"featured_media":7188,"comment_status":"closed","ping_status":"open","template":"","meta":[],"product_brand":[375],"product_cat":[213,412,361],"product_tag":[365,404,368,405],"class_list":["post-7187","product","type-product","status-publish","has-post-thumbnail","product_brand-vaude","product_cat-boutique","product_cat-tente-de-voiture","product_cat-tentes","product_tag-boutique","product_tag-tente","product_tag-vente","product_tag-vente-tente","first","instock","purchasable","product-type-simple"],"_links":{"self":[{"href":"https:\/\/www.tracea.ch\/it\/wp-json\/wp\/v2\/product\/7187","targetHints":{"allow":["GET"]}}],"collection":[{"href":"https:\/\/www.tracea.ch\/it\/wp-json\/wp\/v2\/product"}],"about":[{"href":"https:\/\/www.tracea.ch\/it\/wp-json\/wp\/v2\/types\/product"}],"replies":[{"embeddable":true,"href":"https:\/\/www.tracea.ch\/it\/wp-json\/wp\/v2\/comments?post=7187"}],"version-history":[{"count":0,"href":"https:\/\/www.tracea.ch\/it\/wp-json\/wp\/v2\/product\/7187\/revisions"}],"wp:featuredmedia":[{"embeddable":true,"href":"https:\/\/www.tracea.ch\/it\/wp-json\/wp\/v2\/media\/7188"}],"wp:attachment":[{"href":"https:\/\/www.tracea.ch\/it\/wp-json\/wp\/v2\/media?parent=7187"}],"wp:term":[{"taxonomy":"product_brand","embeddable":true,"href":"https:\/\/www.tracea.ch\/it\/wp-json\/wp\/v2\/product_brand?post=7187"},{"taxonomy":"product_cat","embeddable":true,"href":"https:\/\/www.tracea.ch\/it\/wp-json\/wp\/v2\/product_cat?post=7187"},{"taxonomy":"product_tag","embeddable":true,"href":"https:\/\/www.tracea.ch\/it\/wp-json\/wp\/v2\/product_tag?post=7187"}],"curies":[{"name":"wp","href":"https:\/\/api.w.org\/{rel}","templated":true}]}}

https://www.tracea.ch/boutique/non%20classé/drive-van-trunk/

<p>L&rsquo;idée est aussi simple que géniale&nbsp;: Drive Van Trunk transforme le hayon du coffre et tout l&rsquo;espace situé dessous et derrière en un vaste auvent, et ce en un rien de temps&nbsp;! Associé à l&rsquo;habitacle du coffre lui-même, un espace généreux est créé pour dormir, cuisiner et passer un moment convivial à plusieurs. D&rsquo;un usage particulièrement polyvalent, Drive Van Trunk est compatible avec différents types de véhicule grâce à sa construction de tendeur sophistiquée, et peut être déployé de deux côtés. L&rsquo;auvent peut être monté auprès de véhicules de la taille d&rsquo;un mini-bus VW et d&rsquo;utilitaires comme p.&nbsp;ex le VW Caddy afin de transformer le van en un petit camping-car. Le hayon ouvert constitue ici l&rsquo;élément porteur de la construction de tente et permet ainsi de se changer aisément, voire de prendre une douche en station debout à l&rsquo;abri des regards. La place disponible dans l&rsquo;auvent offre suffisamment d&rsquo;espace de rangement, voire de cuisiner et de manger avec deux chaises et une petite table. La tente apposée au coffre assure une aération optimale dans l&rsquo;habitacle sécurisé du véhicule et constitue ainsi la sphère privée requise dans une telle situation.</p>
<p><em>auvent pour voiture, sans armature, sans tente intérieure, 1 entrée, montage très rapide et facile, entrée avant peut être utilisée comme bâche pare-soleil, excellente aération grâce à la fenêtre filet, porte maille anti-moustique pour ouverture du coffre, hauteur debout pour espace de dressing privé, s&rsquo;adapte aux monospaces et minibus jusqu&rsquo;à une hauteur de 2,15 m, peut être installée sur les monospaces les plus courants comme la Renault Kangoo, la Caddy de VW, la Opel Combo etc.</em></p>

<p>Auvent à accrocher au hayon de la voiture #montage et démontage rapide #fenêtre refermable #intérieur spacieux</p>
