{"id":1002,"date":"2026-08-05T10:00:00","date_gmt":"2026-08-05T08:00:00","guid":{"rendered":"http:\/\/ra-activite-import-33452"},"modified":"2026-08-23T07:55:58","modified_gmt":"2026-08-23T07:55:58","slug":"tour-guide-vtt-ou-vtt-electrique-journee","status":"publish","type":"ra_activite","link":"https:\/\/www.tracea.ch\/it\/activites\/tour-guide-vtt-ou-vtt-electrique-journee\/","title":{"rendered":"Tour guidato in mountain bike o mountain bike elettrica (giornata)"},"content":{"rendered":"<p>Une journ\u00e9e enti\u00e8re pour explorer le Jura vaudois \u00e0 VTT ou VTT \u00e9lectrique, du matin au coucher du soleil. Guid\u00e9 par un moniteur qui conna\u00eet chaque single de la r\u00e9gion, vous encha\u00eenez for\u00eats, p\u00e2turages et panoramas, \u00e0 un rythme pens\u00e9 pour votre niveau.<\/p>\n<h2>Au programme de votre journ\u00e9e<\/h2>\n<p>Programmez une sortie guid\u00e9e en VTT ou VTT \u00e9lectrique dans le Jura vaudois. Faites-vous plaisir avec ce tour qui vous emm\u00e8nera rouler sur les plus beaux singles de la r\u00e9gion. Les for\u00eats et p\u00e2turages vaudois deviennent accessibles \u00e0 tout le monde \u2014 le tout \u00e9tant quand m\u00eame de savoir p\u00e9daler ! Gr\u00e2ce aux conseils experts de nos guides, c&rsquo;est la garantie d&rsquo;une sortie r\u00e9ussie \u00e0 VTT en montagne.<\/p>\n<h2>\u00c0 qui s&rsquo;adresse cette journ\u00e9e ?<\/h2>\n<p>Nos guides dipl\u00f4m\u00e9s Swiss Cycling adaptent la distance et la difficult\u00e9 technique du parcours en fonction du niveau des participants. D\u00e9butants motiv\u00e9s comme pratiquants confirm\u00e9s y trouvent leur compte.<\/p>\n<h2>Des guides locaux qui connaissent le terrain<\/h2>\n<p>Nos guides habitent tous la r\u00e9gion \u2014 Saint-Cergue, Arzier, Le Vaud ou Les Rousses \u2014 et vous feront d\u00e9couvrir cet environnement montagnard en toute s\u00e9curit\u00e9.<\/p>\n<h2>Informazioni pratiche<\/h2>\n<ul>\n<li><strong>Dur\u00e9e :<\/strong> journ\u00e9e compl\u00e8te<\/li>\n<li><strong>Ciclismo:<\/strong> VTT musculaire ou VTT \u00e9lectrique<\/li>\n<li><strong>Niveau :<\/strong> adapt\u00e9 \u00e0 chaque participant<\/li>\n<li><strong>Luogo:<\/strong> Giura vodese<\/li>\n<\/ul>\n<p>R\u00e9servez votre journ\u00e9e en ligne \u00e0 la date de votre choix.<\/p>","protected":false},"excerpt":{"rendered":"<p>Journ\u00e9e guid\u00e9e en VTT ou VTT \u00e9lectrique dans le Jura vaudois : single-tracks, panoramas et pause d\u00e9jeuner. Encadrement par un guide Tracea. R\u00e9servation en ligne.<\/p>","protected":false},"featured_media":5002,"template":"","ra_categorie":[774,989,987],"ra_point_interet":[750,752],"class_list":["post-1002","ra_activite","type-ra_activite","status-publish","has-post-thumbnail","hentry","ra_categorie-velo","ra_categorie-vtt","ra_categorie-vtt-electrique"],"_links":{"self":[{"href":"https:\/\/www.tracea.ch\/it\/wp-json\/wp\/v2\/ra_activite\/1002","targetHints":{"allow":["GET"]}}],"collection":[{"href":"https:\/\/www.tracea.ch\/it\/wp-json\/wp\/v2\/ra_activite"}],"about":[{"href":"https:\/\/www.tracea.ch\/it\/wp-json\/wp\/v2\/types\/ra_activite"}],"wp:featuredmedia":[{"embeddable":true,"href":"https:\/\/www.tracea.ch\/it\/wp-json\/wp\/v2\/media\/5002"}],"wp:attachment":[{"href":"https:\/\/www.tracea.ch\/it\/wp-json\/wp\/v2\/media?parent=1002"}],"wp:term":[{"taxonomy":"ra_categorie","embeddable":true,"href":"https:\/\/www.tracea.ch\/it\/wp-json\/wp\/v2\/ra_categorie?post=1002"},{"taxonomy":"ra_point_interet","embeddable":true,"href":"https:\/\/www.tracea.ch\/it\/wp-json\/wp\/v2\/ra_point_interet?post=1002"}],"curies":[{"name":"wp","href":"https:\/\/api.w.org\/{rel}","templated":true}]}}

<p>Une journée entière pour explorer le Jura vaudois à VTT ou VTT électrique, du matin au coucher du soleil. Guidé par un moniteur qui connaît chaque single de la région, vous enchaînez forêts, pâturages et panoramas, à un rythme pensé pour votre niveau.</p>
<h2>Au programme de votre journée</h2>
<p>Programmez une sortie guidée en VTT ou VTT électrique dans le Jura vaudois. Faites-vous plaisir avec ce tour qui vous emmènera rouler sur les plus beaux singles de la région. Les forêts et pâturages vaudois deviennent accessibles à tout le monde — le tout étant quand même de savoir pédaler ! Grâce aux conseils experts de nos guides, c&rsquo;est la garantie d&rsquo;une sortie réussie à VTT en montagne.</p>
<h2>À qui s&rsquo;adresse cette journée ?</h2>
<p>Nos guides diplômés Swiss Cycling adaptent la distance et la difficulté technique du parcours en fonction du niveau des participants. Débutants motivés comme pratiquants confirmés y trouvent leur compte.</p>
<h2>Des guides locaux qui connaissent le terrain</h2>
<p>Nos guides habitent tous la région — Saint-Cergue, Arzier, Le Vaud ou Les Rousses — et vous feront découvrir cet environnement montagnard en toute sécurité.</p>
<h2>Informazioni pratiche</h2>
<ul>
<li><strong>Durée :</strong> journée complète</li>
<li><strong>Ciclismo:</strong> VTT musculaire ou VTT électrique</li>
<li><strong>Niveau :</strong> adapté à chaque participant</li>
<li><strong>Luogo:</strong> Giura vodese</li>
</ul>
<p>Réservez votre journée en ligne à la date de votre choix.</p>

<p>Journée guidée en VTT ou VTT électrique dans le Jura vaudois : single-tracks, panoramas et pause déjeuner. Encadrement par un guide Tracea. Réservation en ligne.</p>
