{"id":1003,"date":"2026-08-05T10:00:00","date_gmt":"2026-08-05T08:00:00","guid":{"rendered":"http:\/\/ra-activite-import-32416"},"modified":"2026-08-23T08:20:48","modified_gmt":"2026-08-23T08:20:48","slug":"sortie-guidee-en-velo-gravel","status":"publish","type":"ra_activite","link":"https:\/\/www.tracea.ch\/it\/activites\/sortie-guidee-en-velo-gravel\/","title":{"rendered":"Tour guidato in bici gravel \u2013 3 ore"},"content":{"rendered":"<p>Envie de d\u00e9couvrir le gravel, ce v\u00e9lo \u00e0 mi-chemin entre la route et le tout-terrain ? Tracea vous accueille pour une demi-journ\u00e9e d&rsquo;initiation guid\u00e9e autour de Saint-Cergue, en plein c\u0153ur du Jura vaudois, \u00e0 la d\u00e9couverte de ses for\u00eats et de ses chemins roulants.<\/p>\n<h2>Le d\u00e9roul\u00e9 de la sortie<\/h2>\n<p>La sortie commence par l&rsquo;apprentissage de quelques exercices pour d\u00e9couvrir les bases du v\u00e9lo gravel : position sur le v\u00e9lo, attitude en mont\u00e9e, freinage et franchissement de petits obstacles. Apr\u00e8s cette prise en main, nous partons explorer la r\u00e9gion \u00e0 travers une balade de plusieurs kilom\u00e8tres, adapt\u00e9e \u00e0 votre niveau.<\/p>\n<h2>Des panoramas \u00e0 couper le souffle<\/h2>\n<p>Si la m\u00e9t\u00e9o est favorable, vous profiterez d&rsquo;une superbe vue sur le lac L\u00e9man, la cha\u00eene des Alpes et le majestueux Mont-Blanc. D\u00e9couvrez ce massif montagneux avec ceux qui en font la richesse !<\/p>\n<h2>\u00c0 qui s&rsquo;adresse cette sortie ?<\/h2>\n<p>Cette sortie s&rsquo;adresse aussi bien aux curieux qui veulent s&rsquo;initier au gravel qu&rsquo;aux cyclistes cherchant \u00e0 explorer la r\u00e9gion autrement. Le parcours est adapt\u00e9 au niveau des participants.<\/p>\n<h2>Informazioni pratiche<\/h2>\n<ul>\n<li><strong>Dur\u00e9e :<\/strong> 3 heures<\/li>\n<li><strong>Ciclismo:<\/strong> ghiaia<\/li>\n<li><strong>Niveau :<\/strong> adapt\u00e9 \u00e0 chaque participant<\/li>\n<li><strong>Luogo:<\/strong> autour de Saint-Cergue, Jura vaudois<\/li>\n<li><strong>Non inclus :<\/strong> le repas de midi<\/li>\n<\/ul>\n<p>R\u00e9servez votre sortie gravel en ligne.<\/p>","protected":false},"excerpt":{"rendered":"<p>Sortie guid\u00e9e en v\u00e9lo gravel sur les chemins du Jura vaudois. Itin\u00e9raires roulants avec un guide Tracea, tous niveaux. R\u00e9servez votre sortie en ligne.<\/p>","protected":false},"featured_media":5003,"template":"","ra_categorie":[988,774],"ra_point_interet":[749,754,750,752,753],"class_list":["post-1003","ra_activite","type-ra_activite","status-publish","has-post-thumbnail","hentry","ra_categorie-gravel","ra_categorie-velo"],"_links":{"self":[{"href":"https:\/\/www.tracea.ch\/it\/wp-json\/wp\/v2\/ra_activite\/1003","targetHints":{"allow":["GET"]}}],"collection":[{"href":"https:\/\/www.tracea.ch\/it\/wp-json\/wp\/v2\/ra_activite"}],"about":[{"href":"https:\/\/www.tracea.ch\/it\/wp-json\/wp\/v2\/types\/ra_activite"}],"wp:featuredmedia":[{"embeddable":true,"href":"https:\/\/www.tracea.ch\/it\/wp-json\/wp\/v2\/media\/5003"}],"wp:attachment":[{"href":"https:\/\/www.tracea.ch\/it\/wp-json\/wp\/v2\/media?parent=1003"}],"wp:term":[{"taxonomy":"ra_categorie","embeddable":true,"href":"https:\/\/www.tracea.ch\/it\/wp-json\/wp\/v2\/ra_categorie?post=1003"},{"taxonomy":"ra_point_interet","embeddable":true,"href":"https:\/\/www.tracea.ch\/it\/wp-json\/wp\/v2\/ra_point_interet?post=1003"}],"curies":[{"name":"wp","href":"https:\/\/api.w.org\/{rel}","templated":true}]}}

<p>Envie de découvrir le gravel, ce vélo à mi-chemin entre la route et le tout-terrain ? Tracea vous accueille pour une demi-journée d&rsquo;initiation guidée autour de Saint-Cergue, en plein cœur du Jura vaudois, à la découverte de ses forêts et de ses chemins roulants.</p>
<h2>Le déroulé de la sortie</h2>
<p>La sortie commence par l&rsquo;apprentissage de quelques exercices pour découvrir les bases du vélo gravel : position sur le vélo, attitude en montée, freinage et franchissement de petits obstacles. Après cette prise en main, nous partons explorer la région à travers une balade de plusieurs kilomètres, adaptée à votre niveau.</p>
<h2>Des panoramas à couper le souffle</h2>
<p>Si la météo est favorable, vous profiterez d&rsquo;une superbe vue sur le lac Léman, la chaîne des Alpes et le majestueux Mont-Blanc. Découvrez ce massif montagneux avec ceux qui en font la richesse !</p>
<h2>À qui s&rsquo;adresse cette sortie ?</h2>
<p>Cette sortie s&rsquo;adresse aussi bien aux curieux qui veulent s&rsquo;initier au gravel qu&rsquo;aux cyclistes cherchant à explorer la région autrement. Le parcours est adapté au niveau des participants.</p>
<h2>Informazioni pratiche</h2>
<ul>
<li><strong>Durée :</strong> 3 heures</li>
<li><strong>Ciclismo:</strong> ghiaia</li>
<li><strong>Niveau :</strong> adapté à chaque participant</li>
<li><strong>Luogo:</strong> autour de Saint-Cergue, Jura vaudois</li>
<li><strong>Non inclus :</strong> le repas de midi</li>
</ul>
<p>Réservez votre sortie gravel en ligne.</p>

<p>Sortie guidée en vélo gravel sur les chemins du Jura vaudois. Itinéraires roulants avec un guide Tracea, tous niveaux. Réservez votre sortie en ligne.</p>
